{"id":7,"date":"2012-06-23T17:35:40","date_gmt":"2012-06-23T20:35:40","guid":{"rendered":"https:\/\/2012.saopaulo.wordcamp.org\/?page_id=7"},"modified":"2012-07-13T18:38:41","modified_gmt":"2012-07-13T21:38:41","slug":"sobre-o-evento","status":"publish","type":"page","link":"https:\/\/saopaulo.wordcamp.org\/2012\/sobre-o-evento\/","title":{"rendered":"Sobre o evento"},"content":{"rendered":"<p>O <a href=\"http:\/\/central.wordcamp.org\/\">WordCamp<\/a> \u00e9 um tipo de confer\u00eancia originada nos Estados Unidos sobre tudo o que for relacionado ao WordPress, plataforma opensource de publica\u00e7\u00e3o de blogs. S\u00e3o eventos organizados por comunidades de usu\u00e1rios do WordPress ao redor do mundo, onde desenvolvedores, designers, blogueiros e usu\u00e1rios casuais podem assistir palestras e apresenta\u00e7\u00f5es, trocar id\u00e9ias e se conhecer num ambiente informal.<\/p>\n<div id=\"attachment_10\" style=\"width: 209px\" class=\"wp-caption alignleft\"><a href=\"https:\/\/2012.saopaulo.wordcamp.org\/files\/2012\/06\/matt4.jpg\"><img loading=\"lazy\" decoding=\"async\" aria-describedby=\"caption-attachment-10\" class=\"size-medium wp-image-10\" title=\"Matt Mullenweg no WordCamp Brasil\" src=\"https:\/\/2012.saopaulo.wordcamp.org\/files\/2012\/06\/matt4-199x300.jpg\" alt=\"Matt Mullenweg no WordCamp Brasil\" width=\"199\" height=\"300\" srcset=\"https:\/\/saopaulo.wordcamp.org\/2012\/files\/2012\/06\/matt4-199x300.jpg 199w, https:\/\/saopaulo.wordcamp.org\/2012\/files\/2012\/06\/matt4.jpg 680w\" sizes=\"auto, (max-width: 199px) 100vw, 199px\" \/><\/a><p id=\"caption-attachment-10\" class=\"wp-caption-text\">Matt Mullenweg no WordCamp Brasil<\/p><\/div>\n<p>O primeiro WordCamp aconteceu em julho de 2006 em S\u00e3o Francisco. Foi organizado por Matt Mullenweg, criador do WordPress, em apenas tr\u00eas semanas, tornando-se um sucesso absoluto com 300 participantes. O primeiro WordCamp internacional do qual se teve not\u00edcia aconteceu em Israel no dia 25 de outubro de 2007. Desde ent\u00e3o o WordCamp se espalhou pelas capitais e principais cidades do mundo todo, como: Paris, Mil\u00e3o, T\u00f3quio, Melbourne, Sydney, Birmingham, Hamburgo e Vancouver (<a href=\"http:\/\/central.wordcamp.org\/schedule\/past-wordcamps\/\">veja lista com todos os WordCamps realizados<\/a>) e em 2009 foi realizado o primeiro WordCamp Brasil na cidade de S\u00e3o Paulo com a presen\u00e7a do Matt Mullenweg.<\/p>\n<p>Depois do primeiro WordCamp Brasil a comunidade come\u00e7ou a se organizar para descentralizar a a\u00e7\u00e3o de S\u00e3o Paulo e em Outubro de 2010 foi realizado em Curitiba\/PR o segundo WordCamp (do Brasil) contando com a presen\u00e7a de cerca de 300 pessoas em 2 dias de evento. Este ano de 2012, novamente em Curitiba nos dias 14 e 15 de junho tivemos mais um WordCamp. <a href=\"http:\/\/2012.curitiba.wordcamp.org\">Saiba como foi<\/a>.<\/p>\n<p>Agora a comunidade WordPress Brasil realizar\u00e1 o primeiro WordCamp S\u00e3o Paulo no dia 25 de agosto, no Campus Consola\u00e7\u00e3o da PUC SP.<\/p>\n","protected":false},"excerpt":{"rendered":"<p>O WordCamp \u00e9 um tipo de confer\u00eancia originada nos Estados Unidos sobre tudo o que for relacionado ao WordPress, plataforma opensource de publica\u00e7\u00e3o de blogs. S\u00e3o eventos organizados por comunidades de usu\u00e1rios do WordPress ao redor do mundo, onde desenvolvedores, &hellip; <a href=\"https:\/\/saopaulo.wordcamp.org\/2012\/sobre-o-evento\/\">Continuar a ler <span class=\"screen-reader-text\">Sobre o evento<\/span>  <span class=\"meta-nav\">&rarr;<\/span><\/a><\/p>\n","protected":false},"author":397920,"featured_media":0,"parent":0,"menu_order":0,"comment_status":"closed","ping_status":"closed","template":"","meta":{"jetpack_post_was_ever_published":false,"footnotes":""},"class_list":["post-7","page","type-page","status-publish","hentry"],"jetpack_sharing_enabled":true,"jetpack_shortlink":"https:\/\/wp.me\/P2tL57-7","_links":{"self":[{"href":"https:\/\/saopaulo.wordcamp.org\/2012\/wp-json\/wp\/v2\/pages\/7","targetHints":{"allow":["GET"]}}],"collection":[{"href":"https:\/\/saopaulo.wordcamp.org\/2012\/wp-json\/wp\/v2\/pages"}],"about":[{"href":"https:\/\/saopaulo.wordcamp.org\/2012\/wp-json\/wp\/v2\/types\/page"}],"author":[{"embeddable":true,"href":"https:\/\/saopaulo.wordcamp.org\/2012\/wp-json\/wp\/v2\/users\/397920"}],"replies":[{"embeddable":true,"href":"https:\/\/saopaulo.wordcamp.org\/2012\/wp-json\/wp\/v2\/comments?post=7"}],"version-history":[{"count":9,"href":"https:\/\/saopaulo.wordcamp.org\/2012\/wp-json\/wp\/v2\/pages\/7\/revisions"}],"predecessor-version":[{"id":282,"href":"https:\/\/saopaulo.wordcamp.org\/2012\/wp-json\/wp\/v2\/pages\/7\/revisions\/282"}],"wp:attachment":[{"href":"https:\/\/saopaulo.wordcamp.org\/2012\/wp-json\/wp\/v2\/media?parent=7"}],"curies":[{"name":"wp","href":"https:\/\/api.w.org\/{rel}","templated":true}]}}