{"id":51,"date":"2012-07-02T10:56:37","date_gmt":"2012-07-02T13:56:37","guid":{"rendered":"http:\/\/2012.saopaulo.wordcamp.org\/?page_id=51"},"modified":"2013-11-04T19:57:19","modified_gmt":"2013-11-04T21:57:19","slug":"patrocinio","status":"publish","type":"page","link":"https:\/\/saopaulo.wordcamp.org\/2013\/patrocinio\/","title":{"rendered":"Patrocine"},"content":{"rendered":"<p>As Cotas de Patroc\u00ednio do WordCamp S\u00e3o Paulo 2013 est\u00e3o definidas de acordo com itens desejados para a realiza\u00e7\u00e3o completa do evento. Os valores abaixo j\u00e1 foram cotados com poss\u00edveis fornecedores, mas o patrocinador dever\u00e1 pagar diretamente ao prestador de servi\u00e7os e dever\u00e1 divulgar, com comprova\u00e7\u00e3o, o valor investido. Interessados devem entrar em contato com a organiza\u00e7\u00e3o pelo email\u00a0<em>wordcampsampa[arroba]wp-brasil.org<\/em>.<\/p>\n<h2>Brindes<\/h2>\n<p>Blocos de notas e ecobags. Cria\u00e7\u00e3o e produ\u00e7\u00e3o por designers volunt\u00e1rios da comunidade<\/p>\n<p><strong>Investimento<\/strong>: R$ 1.100,00<\/p>\n<p><strong>Benef\u00edcios<\/strong><\/p>\n<ul>\n<li>Banner com link no site do evento<\/li>\n<li>Men\u00e7\u00e3o em todos os produtos impressos<\/li>\n<li>Men\u00e7\u00e3o na abertura e encerramento do evento<\/li>\n<\/ul>\n<h2>Almo\u00e7o<\/h2>\n<p>Almo\u00e7o em restaurantes pr\u00f3ximo ao local. Estimativa de 300 participantes (R$ 20,00 por pessoa)<\/p>\n<p><strong>Investimento<\/strong>: R$ 6.000,00<\/p>\n<p><strong>Benef\u00edcios<\/strong><\/p>\n<ul>\n<li>Banner com link no site do evento<\/li>\n<li>Men\u00e7\u00e3o em todos os produtos impressos<\/li>\n<li>Men\u00e7\u00e3o na abertura e encerramento do evento<\/li>\n<\/ul>\n<h2>Coffee-break<\/h2>\n<p>Duas sess\u00f5es de coffee-break, (manh\u00e3 e tarde). Caf\u00e9, ch\u00e1, \u00e1gua, bolos, salgados e biscoitos para 300 pessoas<\/p>\n<p><strong>Investimento<\/strong>:R$ 3.500,00<\/p>\n<p><strong>Benef\u00edcios<\/strong><\/p>\n<ul>\n<li>Banner com link no site do evento<\/li>\n<li>Men\u00e7\u00e3o em todos os produtos impressos<\/li>\n<li>Men\u00e7\u00e3o na abertura e encerramento do evento<\/li>\n<\/ul>\n<h2>Festa \/ Confraterniza\u00e7\u00e3o<\/h2>\n<p>Aluguel do local. Bebidas e aperitivos para 300 pessoas.<\/p>\n<p><strong>Investimento<\/strong>: R$ 5.000,00<\/p>\n<p><strong>Benef\u00edcios<\/strong><\/p>\n<ul>\n<li>Banner com link no site do evento<\/li>\n<li>Men\u00e7\u00e3o em todos os produtos impressos<\/li>\n<li>Men\u00e7\u00e3o na abertura e encerramento do evento<\/li>\n<\/ul>\n<h2>Micropatroc\u00ednio<\/h2>\n<p>Esta \u00e9 a uma modalidade de inscri\u00e7\u00e3o que permite aos participantes ajudarem um pouco mais a organiza\u00e7\u00e3o do evento, visto que o custo de R$35 \u00e9 simb\u00f3lico para cobrir as despesas de taxa de servi\u00e7o e imposto de renda.<\/p>\n<p><strong>Investimento<\/strong>: R$ 100,00<\/p>\n<p><strong>Benef\u00edcios<\/strong><\/p>\n<ul>\n<li>Divulga\u00e7\u00e3o dos servi\u00e7os no site do WordCamp<\/li>\n<\/ul>\n","protected":false},"excerpt":{"rendered":"<p>As Cotas de Patroc\u00ednio do WordCamp S\u00e3o Paulo 2013 est\u00e3o definidas de acordo com itens desejados para a realiza\u00e7\u00e3o completa do evento. Os valores abaixo j\u00e1 foram cotados com poss\u00edveis fornecedores, mas o patrocinador dever\u00e1 pagar diretamente ao prestador de &hellip; <a href=\"https:\/\/saopaulo.wordcamp.org\/2013\/patrocinio\/\">Continuar a ler <span class=\"meta-nav\">&rarr;<\/span><\/a><\/p>\n","protected":false},"author":11646155,"featured_media":0,"parent":0,"menu_order":0,"comment_status":"closed","ping_status":"closed","template":"","meta":{"jetpack_post_was_ever_published":false,"footnotes":""},"class_list":["post-51","page","type-page","status-publish","hentry"],"jetpack_shortlink":"https:\/\/wp.me\/P3P0wN-P","jetpack_sharing_enabled":true,"_links":{"self":[{"href":"https:\/\/saopaulo.wordcamp.org\/2013\/wp-json\/wp\/v2\/pages\/51","targetHints":{"allow":["GET"]}}],"collection":[{"href":"https:\/\/saopaulo.wordcamp.org\/2013\/wp-json\/wp\/v2\/pages"}],"about":[{"href":"https:\/\/saopaulo.wordcamp.org\/2013\/wp-json\/wp\/v2\/types\/page"}],"author":[{"embeddable":true,"href":"https:\/\/saopaulo.wordcamp.org\/2013\/wp-json\/wp\/v2\/users\/11646155"}],"replies":[{"embeddable":true,"href":"https:\/\/saopaulo.wordcamp.org\/2013\/wp-json\/wp\/v2\/comments?post=51"}],"version-history":[{"count":10,"href":"https:\/\/saopaulo.wordcamp.org\/2013\/wp-json\/wp\/v2\/pages\/51\/revisions"}],"predecessor-version":[{"id":284112,"href":"https:\/\/saopaulo.wordcamp.org\/2013\/wp-json\/wp\/v2\/pages\/51\/revisions\/284112"}],"wp:attachment":[{"href":"https:\/\/saopaulo.wordcamp.org\/2013\/wp-json\/wp\/v2\/media?parent=51"}],"curies":[{"name":"wp","href":"https:\/\/api.w.org\/{rel}","templated":true}]}}