{"id":12035,"date":"2014-09-08T23:37:54","date_gmt":"2014-09-09T02:37:54","guid":{"rendered":"https:\/\/saopaulo.wordcamp.org\/2014\/?page_id=12035"},"modified":"2015-11-25T16:16:09","modified_gmt":"2015-11-25T18:16:09","slug":"seja-um-palestrante","status":"publish","type":"page","link":"https:\/\/saopaulo.wordcamp.org\/2015\/seja-um-palestrante\/","title":{"rendered":"Seja um palestrante!"},"content":{"rendered":"<h2>O prazo para envio das propostas de palestras est\u00e1 encerrado!<\/h2>\n<p>Muito obrigado a todos que enviaram suas ideias \ud83d\ude42<\/p>\n<hr \/>\n<h2>Prazos<\/h2>\n<ul>\n<li>Envio das propostas: <strong>at\u00e9\u00a018 de Novembro<\/strong><\/li>\n<li>Divulga\u00e7\u00e3o da programa\u00e7\u00e3o final: <strong>21 de\u00a0Novembro<\/strong><\/li>\n<\/ul>\n<h2>Trilhas<\/h2>\n<p>As palestras do WordCamp ser\u00e3o organizadas em tr\u00eas principais trilhas:<\/p>\n<ul>\n<li><strong>Desenvolvimento<\/strong><br \/>\nAqui \u00e9 onde a galera do terminal, sublime e afins vai compartilhar algumas manhas e truques para melhorar seus projetos em WordPress<\/li>\n<li><strong>Design<\/strong><br \/>\nTodo layout \u00e9 poss\u00edvel no WordPress! Vamos discutir tudo que envolva layout e WP.<\/li>\n<li><strong>Marketing e conte\u00fado<\/strong><br \/>\nVeja como melhorar cada vez mais a forma com que voc\u00ea publica conte\u00fado e conhe\u00e7a plugins e ferramentas que ir\u00e3o facilitar o seu dia-a-dia.<\/li>\n<\/ul>\n<h2>Qual formato escolher?<\/h2>\n<p><a href=\"https:\/\/2015.saopaulo.wordcamp.org\/2015\/10\/26\/entenda-os-formatos-das-apresentacoes\/\">Confira nossa publica\u00e7\u00e3o<\/a> explicando como funcionar\u00e1 o Formato de cada apresenta\u00e7\u00e3o do WordCamp e veja a que melhor se encaixa para voc\u00ea!<\/p>\n<h2>Concord\u00e2ncia com os termos<\/h2>\n<p>Ao enviar sua proposta, voc\u00ea estar\u00e1 automaticamente concordando com os seguintes termos:<\/p>\n<ul>\n<li>Concordo que a organiza\u00e7\u00e3o do WordCamp utilize o meu direito de imagem para transmiss\u00e3o em v\u00eddeo, fotos e demais veicula\u00e7\u00f5es relacionadas ao este evento;<\/li>\n<li>Abordar e promover em minha palestra somente c\u00f3digos e ferramentas compat\u00edveis com a licen\u00e7a GPL;<\/li>\n<li>Fornecer todos os materiais utilizados na minha palestra para a organiza\u00e7\u00e3o disponibilizar no site do WordCamp.<\/li>\n<\/ul>\n<h2>Palestrantes locais<\/h2>\n<p>A\u00a0organiza\u00e7\u00e3o do WordCamp \u00e9 volunt\u00e1ria e sem fins lucrativos, al\u00e9m disso, o esp\u00edrito do evento objetiva a comunidade local (nos mesmos padr\u00f5es empregados internacionalmente), e portanto, a princ\u00edpio n\u00e3o dimensionamos em nossos custos as despesas com passagens a\u00e9reas, hospedagem e outras ajudas de custo. Palestrantes de fora de S\u00e3o Paulo ser\u00e3o sempre muito bem-vindos, mas devem observar que n\u00e3o haver\u00e1 custeio de transporte at\u00e9 o local do evento, <strong>mas haver\u00e3o muitos amigos para ajudar-lhes quando preciso!<\/strong><\/p>\n<h2>O que posso colocar em minha apresenta\u00e7\u00e3o?<\/h2>\n<p>Todo material que possa lhe ajudar durante a apresenta\u00e7\u00e3o ser\u00e1 permitido, como por exemplo: Gifs, v\u00eddeos, trechos de c\u00f3digo e etc.<\/p>\n<p><strong>N\u00e3o ser\u00e1 permitido<\/strong>\u00a0materiais que contenham atividade\u00a0promocional visando benef\u00edcio pr\u00f3prio e associa\u00e7\u00e3o \u00e0 marca WordPress, como logos e\/ou qualquer tipo de marca de empresas e servi\u00e7os, bem como qualquer material que fira o <a href=\"https:\/\/2015.saopaulo.wordcamp.org\/codigo-de-conduta\/\">C\u00f3digo de Conduta<\/a>.<\/p>\n","protected":false},"excerpt":{"rendered":"<p>O prazo para envio das propostas de palestras est\u00e1 encerrado! Muito obrigado a todos que enviaram suas ideias \ud83d\ude42 Prazos Envio das propostas: at\u00e9\u00a018 de Novembro Divulga\u00e7\u00e3o da programa\u00e7\u00e3o final: 21 de\u00a0Novembro Trilhas As palestras do WordCamp ser\u00e3o organizadas em &hellip; <a href=\"https:\/\/saopaulo.wordcamp.org\/2015\/seja-um-palestrante\/\">Continue lendo <span class=\"assistive-text\">Seja um palestrante!<\/span>  <span class=\"meta-nav\">&rarr;<\/span><\/a><\/p>\n","protected":false},"author":6038041,"featured_media":13028,"parent":0,"menu_order":0,"comment_status":"closed","ping_status":"closed","template":"","meta":{"_crdt_document":"","jetpack_post_was_ever_published":false,"footnotes":""},"class_list":["post-12035","page","type-page","status-publish","has-post-thumbnail","hentry"],"jetpack_sharing_enabled":true,"jetpack_shortlink":"https:\/\/wp.me\/P6iMjW-387","jetpack_likes_enabled":true,"_links":{"self":[{"href":"https:\/\/saopaulo.wordcamp.org\/2015\/wp-json\/wp\/v2\/pages\/12035","targetHints":{"allow":["GET"]}}],"collection":[{"href":"https:\/\/saopaulo.wordcamp.org\/2015\/wp-json\/wp\/v2\/pages"}],"about":[{"href":"https:\/\/saopaulo.wordcamp.org\/2015\/wp-json\/wp\/v2\/types\/page"}],"author":[{"embeddable":true,"href":"https:\/\/saopaulo.wordcamp.org\/2015\/wp-json\/wp\/v2\/users\/6038041"}],"replies":[{"embeddable":true,"href":"https:\/\/saopaulo.wordcamp.org\/2015\/wp-json\/wp\/v2\/comments?post=12035"}],"version-history":[{"count":14,"href":"https:\/\/saopaulo.wordcamp.org\/2015\/wp-json\/wp\/v2\/pages\/12035\/revisions"}],"predecessor-version":[{"id":13950,"href":"https:\/\/saopaulo.wordcamp.org\/2015\/wp-json\/wp\/v2\/pages\/12035\/revisions\/13950"}],"wp:featuredmedia":[{"embeddable":true,"href":"https:\/\/saopaulo.wordcamp.org\/2015\/wp-json\/wp\/v2\/media\/13028"}],"wp:attachment":[{"href":"https:\/\/saopaulo.wordcamp.org\/2015\/wp-json\/wp\/v2\/media?parent=12035"}],"curies":[{"name":"wp","href":"https:\/\/api.w.org\/{rel}","templated":true}]}}