{"id":2,"date":"2016-09-01T22:25:22","date_gmt":"2016-09-01T22:25:22","guid":{"rendered":"http:\/\/2016.saopaulo.wordcamp.org\/?page_id=2"},"modified":"2016-12-07T16:24:10","modified_gmt":"2016-12-07T18:24:10","slug":"sobre-o-evento","status":"publish","type":"page","link":"https:\/\/saopaulo.wordcamp.org\/2016\/sobre-o-evento\/","title":{"rendered":"Sobre o evento"},"content":{"rendered":"<p>O <a href=\"https:\/\/central.wordcamp.org\/\">WordCamp<\/a> \u00e9 uma confer\u00eancia originada nos Estados Unidos sobre tudo relacionado ao WordPress, plataforma <em>open<\/em> <em>source<\/em> de publica\u00e7\u00e3o de blogs. S\u00e3o eventos organizados por comunidades de usu\u00e1rios do WordPress ao redor do mundo, onde desenvolvedores, designers, blogueiros e demais usu\u00e1rios podem assistir palestras e apresenta\u00e7\u00f5es, trocar ideias e se conhecer em um\u00a0ambiente informal.<\/p>\n<p><a href=\"https:\/\/i0.wp.com\/2012.saopaulo.wordcamp.org\/files\/2012\/06\/matt4.jpg\"><img data-recalc-dims=\"1\" loading=\"lazy\" decoding=\"async\" class=\"alignleft wp-image-10 size-medium\" title=\"Matt Mullenweg no WordCamp Brasil\" src=\"https:\/\/i0.wp.com\/2012.saopaulo.wordcamp.org\/files\/2012\/06\/matt4-199x300.jpg?resize=199%2C300\" alt=\"Matt Mullenweg no WordCamp Brasil\" width=\"199\" height=\"300\" \/><\/a><\/p>\n<p>O primeiro WordCamp aconteceu em julho de 2006 em S\u00e3o Francisco. Foi organizado por <a href=\"https:\/\/ma.tt\/\">Matt Mullenweg<\/a>, criador do WordPress, em apenas tr\u00eas semanas, tornando-se um sucesso absoluto com 300 participantes. O primeiro WordCamp internacional do qual se teve not\u00edcia aconteceu em Israel no dia 25 de outubro de 2007. Desde ent\u00e3o o WordCamp se espalhou pelas capitais e principais cidades do mundo todo, como: Paris, Mil\u00e3o, T\u00f3quio, Melbourne, Sydney, Birmingham, Hamburgo e Vancouver (<a href=\"https:\/\/central.wordcamp.org\/schedule\/past-wordcamps\/\">veja lista com todos os WordCamps realizados<\/a>)<\/p>\n<p>Em 2009 foi realizado o primeiro WordCamp Brasil na cidade de S\u00e3o Paulo com a presen\u00e7a de Matt Mullenweg, desde ent\u00e3o outros 4\u00a0WordCamps foram feitos em S\u00e3o Paulo com cerca de 300\u00a0participantes. Esse ano realizaremos novamente o WordCamp S\u00e3o Paulo, em parceria com a UNICID, buscando ampliar o evento e alcan\u00e7ar um p\u00fablico ainda maior, de cerca de 700 pessoas.<\/p>\n<h3>WordPress no Brasil<\/h3>\n<p>Depois do primeiro WordCamp Brasil a comunidade come\u00e7ou a se organizar para descentralizar a a\u00e7\u00e3o de S\u00e3o Paulo e v\u00e1rias cidades como Rio de Janeiro, Curitiba, Salvador, Porto Alegre e Belo Horizonte come\u00e7aram a articular Meetups e a falar sobre novos WordCamps.<\/p>\n<p>Atualmente a lista de eventos exclusivos de WordPress est\u00e1 dividida em WordCamps e Meetups:<\/p>\n<h4>WordCamps<\/h4>\n<ul>\n<li><a href=\"http:\/\/belohorizonte.wordcamp.org\/\">WordCamp Belo Horizonte<\/a><\/li>\n<li><a href=\"http:\/\/curitiba.wordcamp.org\/\">WordCamp Curitiba<\/a><\/li>\n<li><a href=\"https:\/\/fortaleza.wordcamp.org\/\">WordCamp Fortaleza<\/a><\/li>\n<li><a href=\"http:\/\/portoalegre.wordcamp.org\/\">WordCamp Porto Alegre<\/a><\/li>\n<li><a href=\"http:\/\/riodejaneiro.wordcamp.org\/\">WordCamp Rio de Janeiro<\/a><\/li>\n<li><a href=\"http:\/\/salvador.wordcamp.org\/\">WordCamp Salvador<\/a><\/li>\n<li><a href=\"https:\/\/saopaulo.wordcamp.org\/\">WordCamp S\u00e3o Paulo<\/a><\/li>\n<\/ul>\n<h4>Meetups<\/h4>\n<ul>\n<li><a href=\"http:\/\/www.meetup.com\/WordPressBeloHorizonte\">Belo Horizonte<\/a><\/li>\n<li><a href=\"https:\/\/www.meetup.com\/WordPress-Brasilia\/\">Bras\u00edlia<\/a><\/li>\n<li><a href=\"http:\/\/www.meetup.com\/wpcuritiba\/\">Curitiba<\/a><\/li>\n<li><a href=\"http:\/\/www.meetup.com\/WordPress-Meetup-Cariri\/\">Cariri (Regi\u00e3o do Cariri Cearense)<\/a><\/li>\n<li><a href=\"https:\/\/www.meetup.com\/Meetup-Wordpress-Floripa\/\">Florian\u00f3polis<\/a><\/li>\n<li><a href=\"https:\/\/www.meetup.com\/wpfortaleza\/\">Fortaleza<\/a><\/li>\n<li><a href=\"https:\/\/www.meetup.com\/pt-BR\/WordPressGyn\/\">Goi\u00e2nia<\/a><\/li>\n<li><a href=\"http:\/\/www.meetup.com\/wpJoaoPessoa\/\">Jo\u00e3o Pessoa<\/a><\/li>\n<li><a href=\"http:\/\/www.meetup.com\/wpjoinville\/\">Joinville<\/a><\/li>\n<li><a href=\"https:\/\/www.meetup.com\/Natal-WordPress\/\">Natal<\/a><\/li>\n<li><a href=\"http:\/\/www.meetup.com\/baixada-rio\/\">Nova Igua\u00e7u (Baixada Rio)<\/a><\/li>\n<li><a href=\"http:\/\/www.meetup.com\/wp-poa\/\">Porto Alegre<\/a><\/li>\n<li><a href=\"http:\/\/www.meetup.com\/wprecife\/\">Recife<\/a><\/li>\n<li><a href=\"https:\/\/www.meetup.com\/Rio-Branco-WordPress-Meetup\/\">Rio Branco<\/a><\/li>\n<li><a href=\"http:\/\/www.meetup.com\/wp-rio\">Rio de Janeiro <\/a><\/li>\n<li><a href=\"http:\/\/meetup.com\/wpsalvador\">Salvador<\/a><\/li>\n<li><a href=\"http:\/\/www.meetup.com\/wpsampa\/\">S\u00e3o Paulo<\/a><\/li>\n<li><a href=\"http:\/\/www.meetup.com\/wpsorocaba\/\">Sorocaba<\/a><\/li>\n<li><a href=\"https:\/\/www.meetup.com\/Vitoria-WordPress-Meetup-WordCampVitoria\/\">Vit\u00f3ria<\/a><\/li>\n<\/ul>\n","protected":false},"excerpt":{"rendered":"<p>O WordCamp \u00e9 uma confer\u00eancia originada nos Estados Unidos sobre tudo relacionado ao WordPress, plataforma open source de publica\u00e7\u00e3o de blogs. S\u00e3o eventos organizados por comunidades de usu\u00e1rios do WordPress ao redor do mundo, onde desenvolvedores, designers, blogueiros e demais &hellip; <a href=\"https:\/\/saopaulo.wordcamp.org\/2016\/sobre-o-evento\/\">Continue lendo <span class=\"assistive-text\">Sobre o evento<\/span>  <span class=\"meta-nav\">&rarr;<\/span><\/a><\/p>\n","protected":false},"author":6038041,"featured_media":455,"parent":0,"menu_order":0,"comment_status":"closed","ping_status":"open","template":"","meta":{"jetpack_post_was_ever_published":false,"footnotes":""},"class_list":["post-2","page","type-page","status-publish","has-post-thumbnail","hentry"],"jetpack_sharing_enabled":true,"jetpack_shortlink":"https:\/\/wp.me\/P7Rl0g-2","jetpack-related-posts":[],"jetpack_likes_enabled":true,"_links":{"self":[{"href":"https:\/\/saopaulo.wordcamp.org\/2016\/wp-json\/wp\/v2\/pages\/2","targetHints":{"allow":["GET"]}}],"collection":[{"href":"https:\/\/saopaulo.wordcamp.org\/2016\/wp-json\/wp\/v2\/pages"}],"about":[{"href":"https:\/\/saopaulo.wordcamp.org\/2016\/wp-json\/wp\/v2\/types\/page"}],"author":[{"embeddable":true,"href":"https:\/\/saopaulo.wordcamp.org\/2016\/wp-json\/wp\/v2\/users\/6038041"}],"replies":[{"embeddable":true,"href":"https:\/\/saopaulo.wordcamp.org\/2016\/wp-json\/wp\/v2\/comments?post=2"}],"version-history":[{"count":16,"href":"https:\/\/saopaulo.wordcamp.org\/2016\/wp-json\/wp\/v2\/pages\/2\/revisions"}],"predecessor-version":[{"id":2013,"href":"https:\/\/saopaulo.wordcamp.org\/2016\/wp-json\/wp\/v2\/pages\/2\/revisions\/2013"}],"wp:featuredmedia":[{"embeddable":true,"href":"https:\/\/saopaulo.wordcamp.org\/2016\/wp-json\/wp\/v2\/media\/455"}],"wp:attachment":[{"href":"https:\/\/saopaulo.wordcamp.org\/2016\/wp-json\/wp\/v2\/media?parent=2"}],"curies":[{"name":"wp","href":"https:\/\/api.w.org\/{rel}","templated":true}]}}