{"id":260,"date":"2017-10-27T09:40:24","date_gmt":"2017-10-27T09:40:24","guid":{"rendered":"http:\/\/2017.saopaulo.wordcamp.org\/?page_id=2"},"modified":"2018-09-03T12:55:05","modified_gmt":"2018-09-03T15:55:05","slug":"sobre","status":"publish","type":"page","link":"https:\/\/saopaulo.wordcamp.org\/2018\/sobre\/","title":{"rendered":"Sobre"},"content":{"rendered":"<p>O <a href=\"https:\/\/central.wordcamp.org\/\">WordCamp<\/a> \u00e9 uma confer\u00eancia originada nos Estados Unidos sobre tudo relacionado ao WordPress, plataforma <em>open<\/em> <em>source<\/em> de gerenciamento de conte\u00fado. S\u00e3o eventos organizados por comunidades de usu\u00e1rios do WordPress ao redor do mundo, onde desenvolvedores, designers, blogueiros e demais usu\u00e1rios podem assistir palestras e apresenta\u00e7\u00f5es, trocar ideias e se conhecer em um\u00a0ambiente informal.<\/p>\n<p><a href=\"https:\/\/i0.wp.com\/2012.saopaulo.wordcamp.org\/files\/2012\/06\/matt4.jpg\"><img data-recalc-dims=\"1\" loading=\"lazy\" decoding=\"async\" class=\"alignleft wp-image-10 size-medium\" title=\"Matt Mullenweg no WordCamp Brasil\" src=\"https:\/\/i0.wp.com\/2012.saopaulo.wordcamp.org\/files\/2012\/06\/matt4-199x300.jpg?resize=199%2C300\" alt=\"Matt Mullenweg no WordCamp Brasil\" width=\"199\" height=\"300\" \/><\/a><\/p>\n<p>O primeiro WordCamp aconteceu em julho de 2006 em S\u00e3o Francisco. Foi organizado por <a href=\"https:\/\/ma.tt\/\">Matt Mullenweg<\/a>, criador do WordPress, em apenas tr\u00eas semanas, tornando-se um sucesso absoluto com 300 participantes. O primeiro WordCamp internacional do qual se teve not\u00edcia aconteceu em Israel no dia 25 de outubro de 2007. Desde ent\u00e3o o WordCamp se espalhou pelas capitais e principais cidades do mundo todo, como: Paris, Mil\u00e3o, T\u00f3quio, Melbourne, Sydney, Birmingham, Hamburgo e Vancouver (<a href=\"https:\/\/central.wordcamp.org\/schedule\/past-wordcamps\/\">veja lista com todos os WordCamps realizados<\/a>)<\/p>\n<p>Em 2009 foi realizado o primeiro WordCamp Brasil na cidade de S\u00e3o Paulo com a presen\u00e7a de Matt Mullenweg, desde ent\u00e3o outros 5 WordCamps foram realizados em S\u00e3o Paulo com cerca de 300\u00a0participantes. Esse ano realizaremos novamente o WordCamp S\u00e3o Paulo, em parceria com a UNINOVE, em um evento para cerca de 600 pessoas.<\/p>\n<h3>WordPress no Brasil<\/h3>\n<p>Depois do primeiro WordCamp Brasil a comunidade come\u00e7ou a se organizar para descentralizar a a\u00e7\u00e3o de S\u00e3o Paulo e v\u00e1rias cidades como Rio de Janeiro, Curitiba, Salvador, Porto Alegre e Belo Horizonte come\u00e7aram a articular Meetups e a falar sobre novos WordCamps.<\/p>\n<p>Atualmente a lista de eventos exclusivos de WordPress est\u00e1 dividida em WordCamps e Meetups:<\/p>\n<h4>WordCamps<\/h4>\n<ul>\n<li><a href=\"http:\/\/belohorizonte.wordcamp.org\/\">WordCamp Belo Horizonte<\/a><\/li>\n<li><a href=\"http:\/\/curitiba.wordcamp.org\/\">WordCamp Curitiba<\/a><\/li>\n<li><a href=\"https:\/\/floripa.wordcamp.org\/\">WordCamp Floripa<\/a><\/li>\n<li><a href=\"https:\/\/fortaleza.wordcamp.org\/\">WordCamp Fortaleza<\/a><\/li>\n<li><a href=\"http:\/\/portoalegre.wordcamp.org\/\">WordCamp Porto Alegre<\/a><\/li>\n<li><a href=\"http:\/\/riodejaneiro.wordcamp.org\/\">WordCamp Rio de Janeiro<\/a><\/li>\n<li><a href=\"http:\/\/salvador.wordcamp.org\/\">WordCamp Salvador<\/a><\/li>\n<li><a href=\"https:\/\/saopaulo.wordcamp.org\/\">WordCamp S\u00e3o Paulo<\/a><\/li>\n<\/ul>\n<h4>Meetups<\/h4>\n<ul>\n<li><a href=\"http:\/\/www.meetup.com\/WordPressBeloHorizonte\">Belo Horizonte<\/a><\/li>\n<li><a href=\"https:\/\/www.meetup.com\/pt-BR\/Blumenau-WordPress-Meetup\/\">Blumenau<\/a><\/li>\n<li><a href=\"https:\/\/www.meetup.com\/WordPress-Brasilia\/\">Bras\u00edlia<\/a><\/li>\n<li><a href=\"http:\/\/www.meetup.com\/wpcuritiba\/\">Curitiba<\/a><\/li>\n<li><a href=\"http:\/\/www.meetup.com\/WordPress-Meetup-Cariri\/\">Cariri (Regi\u00e3o do Cariri Cearense)<\/a><\/li>\n<li><a href=\"https:\/\/www.meetup.com\/Meetup-Wordpress-Floripa\/\">Florian\u00f3polis<\/a><\/li>\n<li><a href=\"https:\/\/www.meetup.com\/wpfortaleza\/\">Fortaleza<\/a><\/li>\n<li><a href=\"https:\/\/www.meetup.com\/pt-BR\/WordPressGyn\/\">Goi\u00e2nia<\/a><\/li>\n<li><a href=\"http:\/\/www.meetup.com\/wpJoaoPessoa\/\">Jo\u00e3o Pessoa<\/a><\/li>\n<li><a href=\"http:\/\/www.meetup.com\/wpjoinville\/\">Joinville<\/a><\/li>\n<li><a href=\"https:\/\/www.meetup.com\/Natal-WordPress\/\">Natal<\/a><\/li>\n<li><a href=\"http:\/\/www.meetup.com\/baixada-rio\/\">Nova Igua\u00e7u (Baixada Rio)<\/a><\/li>\n<li><a href=\"http:\/\/www.meetup.com\/wp-poa\/\">Porto Alegre<\/a><\/li>\n<li><a href=\"http:\/\/www.meetup.com\/wprecife\/\">Recife<\/a><\/li>\n<li><a href=\"https:\/\/www.meetup.com\/Rio-Branco-WordPress-Meetup\/\">Rio Branco<\/a><\/li>\n<li><a href=\"http:\/\/www.meetup.com\/wp-rio\">Rio de Janeiro <\/a><\/li>\n<li><a href=\"http:\/\/meetup.com\/wpsalvador\">Salvador<\/a><\/li>\n<li><a href=\"https:\/\/www.meetup.com\/pt-BR\/Sao-Jose-dos-Campos-WordPress-Meetup\/\" target=\"_blank\" rel=\"noopener\">S\u00e3o Jos\u00e9 dos Campos<\/a><\/li>\n<li><a href=\"http:\/\/www.meetup.com\/wpsampa\/\">S\u00e3o Paulo<\/a><\/li>\n<li><a href=\"http:\/\/www.meetup.com\/wpsorocaba\/\">Sorocaba<\/a><\/li>\n<li><a href=\"https:\/\/www.meetup.com\/Vitoria-WordPress-Meetup-WordCampVitoria\/\">Vit\u00f3ria<\/a><\/li>\n<\/ul>\n","protected":false},"excerpt":{"rendered":"<p>O WordCamp \u00e9 uma confer\u00eancia originada nos Estados Unidos sobre tudo relacionado ao WordPress, plataforma open source de gerenciamento de conte\u00fado. S\u00e3o eventos organizados por comunidades de usu\u00e1rios do WordPress ao redor do mundo, onde desenvolvedores, designers, blogueiros e demais &hellip; <a href=\"https:\/\/saopaulo.wordcamp.org\/2018\/sobre\/\">Continue lendo <span class=\"assistive-text\">Sobre<\/span>  <span class=\"meta-nav\">&rarr;<\/span><\/a><\/p>\n","protected":false},"author":6038041,"featured_media":0,"parent":0,"menu_order":0,"comment_status":"closed","ping_status":"open","template":"","meta":{"_crdt_document":"","jetpack_post_was_ever_published":false,"footnotes":""},"class_list":["post-260","page","type-page","status-publish","hentry"],"jetpack_sharing_enabled":true,"jetpack_shortlink":"https:\/\/wp.me\/Pa0rp1-4c","jetpack_likes_enabled":true,"jetpack-related-posts":[{"id":297,"url":"https:\/\/saopaulo.wordcamp.org\/2018\/press-release\/","url_meta":{"origin":260,"position":0},"title":"Press release","author":"Rafael Funchal","date":"30\/10\/2017","format":false,"excerpt":"WordCamp S\u00e3o Paulo chega a sua 7\u00aa edi\u00e7\u00e3o Evento refer\u00eancia em WordPress no pa\u00eds, o WordCamp 2018 est\u00e1 marcado\u00a0para o dia 13 de outubro. O WordCamp S\u00e3o Paulo \u00e9 a maior confer\u00eancia paulista dedicada a WordPress \u2014 e o maior do Brasil em 2018 \u2014 chega a sua 7\u00aa edi\u00e7\u00e3o.\u2026","rel":"","context":"Post similar","block_context":{"text":"Post similar","link":""},"img":{"alt_text":"Fotografia a\u00e9rea do WordCamp S\u00e3o Paulo 2016 mostrando todos os participantes posando para a c\u00e2mera no teatro da faculdade UNICID","src":"https:\/\/i0.wp.com\/2017.saopaulo.wordcamp.org\/files\/2017\/10\/wordcamp-saopaulo-2016-1909.jpg?resize=350%2C200&ssl=1","width":350,"height":200,"srcset":"https:\/\/i0.wp.com\/2017.saopaulo.wordcamp.org\/files\/2017\/10\/wordcamp-saopaulo-2016-1909.jpg?resize=350%2C200&ssl=1 1x, https:\/\/i0.wp.com\/2017.saopaulo.wordcamp.org\/files\/2017\/10\/wordcamp-saopaulo-2016-1909.jpg?resize=525%2C300&ssl=1 1.5x, https:\/\/i0.wp.com\/2017.saopaulo.wordcamp.org\/files\/2017\/10\/wordcamp-saopaulo-2016-1909.jpg?resize=700%2C400&ssl=1 2x, https:\/\/i0.wp.com\/2017.saopaulo.wordcamp.org\/files\/2017\/10\/wordcamp-saopaulo-2016-1909.jpg?resize=1050%2C600&ssl=1 3x"},"classes":[]},{"id":321,"url":"https:\/\/saopaulo.wordcamp.org\/2018\/politica-de-privacidade\/","url_meta":{"origin":260,"position":1},"title":"Pol\u00edtica de privacidade","author":"Rafael Funchal","date":"30\/10\/2017","format":false,"excerpt":"Informa\u00e7\u00f5es e dados pessoais fornecidos \u00e0 organiza\u00e7\u00e3o do WordCamp S\u00e3o Paulo 2018 \u2013 cuja veracidade e exatid\u00e3o s\u00e3o de total responsabilidade do inscrito \u2013 ser\u00e3o coletados e guardados em conformidade com padr\u00f5es r\u00edgidos de confidencialidade e de seguran\u00e7a, e utilizados para as seguintes finalidades: comunicar o inscrito a respeito de\u2026","rel":"","context":"Post similar","block_context":{"text":"Post similar","link":""},"img":{"alt_text":"","src":"https:\/\/i0.wp.com\/saopaulo.wordcamp.org\/2018\/files\/2018\/08\/wcsp-site-logo.png?fit=263%2C250&resize=350%2C200#038;ssl=1","width":350,"height":200},"classes":[]},{"id":388,"url":"https:\/\/saopaulo.wordcamp.org\/2018\/seja-um-palestrante\/","url_meta":{"origin":260,"position":2},"title":"Seja um palestrante","author":"Rafael Funchal","date":"31\/10\/2017","format":false,"excerpt":"Nesta edi\u00e7\u00e3o do WordCamp S\u00e3o Paulo iremos receber propostas para palestras e workshops dos mais variados assuntos. Abaixo voc\u00ea confere algumas informa\u00e7\u00f5es e instru\u00e7\u00f5es sobre como se candidatar. Prazos Envio das propostas: at\u00e9 13 de setembro\u00a0at\u00e9 19 de setembro Divulga\u00e7\u00e3o da programa\u00e7\u00e3o final: 30 de setembro Formatos O WordCamp S\u00e3o\u2026","rel":"","context":"Post similar","block_context":{"text":"Post similar","link":""},"img":{"alt_text":"","src":"https:\/\/i0.wp.com\/saopaulo.wordcamp.org\/2018\/files\/2018\/09\/Poster-WCSP-2018-Juliana.jpg?fit=1200%2C675&ssl=1&resize=350%2C200","width":350,"height":200,"srcset":"https:\/\/i0.wp.com\/saopaulo.wordcamp.org\/2018\/files\/2018\/09\/Poster-WCSP-2018-Juliana.jpg?fit=1200%2C675&ssl=1&resize=350%2C200 1x, https:\/\/i0.wp.com\/saopaulo.wordcamp.org\/2018\/files\/2018\/09\/Poster-WCSP-2018-Juliana.jpg?fit=1200%2C675&ssl=1&resize=525%2C300 1.5x, https:\/\/i0.wp.com\/saopaulo.wordcamp.org\/2018\/files\/2018\/09\/Poster-WCSP-2018-Juliana.jpg?fit=1200%2C675&ssl=1&resize=700%2C400 2x, https:\/\/i0.wp.com\/saopaulo.wordcamp.org\/2018\/files\/2018\/09\/Poster-WCSP-2018-Juliana.jpg?fit=1200%2C675&ssl=1&resize=1050%2C600 3x"},"classes":[]},{"id":352,"url":"https:\/\/saopaulo.wordcamp.org\/2018\/perguntas-frequentes\/","url_meta":{"origin":260,"position":3},"title":"Perguntas Frequentes","author":"Rafael Funchal","date":"30\/10\/2017","format":false,"excerpt":"Qual o local, data e hor\u00e1rio? O WordCamp acontecer\u00e1 no dia 13 de outubro de 2018, na Universidade Nove de Julho (Uninove). As atividades ter\u00e3o in\u00edcio \u00e0s 8h com t\u00e9rmino previsto para as 17h. Quero ministrar uma palestra Se voc\u00ea tem interesse em realizar uma palestra, apresenta\u00e7\u00e3o ou oficina, encaminhe\u2026","rel":"","context":"Post similar","block_context":{"text":"Post similar","link":""},"img":{"alt_text":"","src":"https:\/\/i0.wp.com\/saopaulo.wordcamp.org\/2018\/files\/2018\/08\/wcsp-site-logo.png?fit=263%2C250&resize=350%2C200#038;ssl=1","width":350,"height":200},"classes":[]},{"id":266,"url":"https:\/\/saopaulo.wordcamp.org\/2018\/organizadores\/","url_meta":{"origin":260,"position":4},"title":"Organizadores","author":"Rafael Funchal","date":"27\/10\/2017","format":false,"excerpt":"Aqui est\u00e3o alguns dos incr\u00edveis colaboradores que est\u00e3o dedicando seu valioso tempo para fazer do WordCamp S\u00e3o Paulo 2018\u00a0um evento sensacional. D\u00ea uma olhadinha, voc\u00ea vai encontrar pessoas muito interessantes nessa lista para conversar no dia do evento!","rel":"","context":"Post similar","block_context":{"text":"Post similar","link":""},"img":{"alt_text":"","src":"https:\/\/i0.wp.com\/saopaulo.wordcamp.org\/2018\/files\/2018\/08\/wcsp-site-logo.png?fit=263%2C250&resize=350%2C200#038;ssl=1","width":350,"height":200},"classes":[]},{"id":225,"url":"https:\/\/saopaulo.wordcamp.org\/2018\/patrocine-o-wordcamp\/","url_meta":{"origin":260,"position":5},"title":"Seja um patrocinador do WordCamp 2018","author":"Rafael Funchal","date":"29\/10\/2017","format":false,"excerpt":"O WordCamp \u00e9 o \u00fanico evento oficial apoiado pela Funda\u00e7\u00e3o WordPress, \u00e9 organizado pela comunidade local e n\u00e3o possui fins lucrativos. Por isso, contamos com o apoio dos patrocinadores para fazer o evento acontecer e oferecer a melhor estrutura para os participantes. Quer conhecer melhor o evento? Veja o M\u00eddia\u2026","rel":"","context":"Post similar","block_context":{"text":"Post similar","link":""},"img":{"alt_text":"","src":"https:\/\/i0.wp.com\/saopaulo.wordcamp.org\/2018\/files\/2018\/08\/wcsp-site-logo.png?fit=263%2C250&resize=350%2C200#038;ssl=1","width":350,"height":200},"classes":[]}],"_links":{"self":[{"href":"https:\/\/saopaulo.wordcamp.org\/2018\/wp-json\/wp\/v2\/pages\/260","targetHints":{"allow":["GET"]}}],"collection":[{"href":"https:\/\/saopaulo.wordcamp.org\/2018\/wp-json\/wp\/v2\/pages"}],"about":[{"href":"https:\/\/saopaulo.wordcamp.org\/2018\/wp-json\/wp\/v2\/types\/page"}],"author":[{"embeddable":true,"href":"https:\/\/saopaulo.wordcamp.org\/2018\/wp-json\/wp\/v2\/users\/6038041"}],"replies":[{"embeddable":true,"href":"https:\/\/saopaulo.wordcamp.org\/2018\/wp-json\/wp\/v2\/comments?post=260"}],"version-history":[{"count":4,"href":"https:\/\/saopaulo.wordcamp.org\/2018\/wp-json\/wp\/v2\/pages\/260\/revisions"}],"predecessor-version":[{"id":570,"href":"https:\/\/saopaulo.wordcamp.org\/2018\/wp-json\/wp\/v2\/pages\/260\/revisions\/570"}],"wp:attachment":[{"href":"https:\/\/saopaulo.wordcamp.org\/2018\/wp-json\/wp\/v2\/media?parent=260"}],"curies":[{"name":"wp","href":"https:\/\/api.w.org\/{rel}","templated":true}]}}

<p>O <a href="https://central.wordcamp.org/">WordCamp</a> é uma conferência originada nos Estados Unidos sobre tudo relacionado ao WordPress, plataforma <em>open</em> <em>source</em> de gerenciamento de conteúdo. São eventos organizados por comunidades de usuários do WordPress ao redor do mundo, onde desenvolvedores, designers, blogueiros e demais usuários podem assistir palestras e apresentações, trocar ideias e se conhecer em um ambiente informal.</p>
<p><a href="https://i0.wp.com/2012.saopaulo.wordcamp.org/files/2012/06/matt4.jpg"><img data-recalc-dims="1" loading="lazy" decoding="async" class="alignleft wp-image-10 size-medium" title="Matt Mullenweg no WordCamp Brasil" src="https://i0.wp.com/2012.saopaulo.wordcamp.org/files/2012/06/matt4-199x300.jpg?resize=199%2C300" alt="Matt Mullenweg no WordCamp Brasil" width="199" height="300" /></a></p>
<p>O primeiro WordCamp aconteceu em julho de 2006 em São Francisco. Foi organizado por <a href="https://ma.tt/">Matt Mullenweg</a>, criador do WordPress, em apenas três semanas, tornando-se um sucesso absoluto com 300 participantes. O primeiro WordCamp internacional do qual se teve notícia aconteceu em Israel no dia 25 de outubro de 2007. Desde então o WordCamp se espalhou pelas capitais e principais cidades do mundo todo, como: Paris, Milão, Tóquio, Melbourne, Sydney, Birmingham, Hamburgo e Vancouver (<a href="https://central.wordcamp.org/schedule/past-wordcamps/">veja lista com todos os WordCamps realizados</a>)</p>
<p>Em 2009 foi realizado o primeiro WordCamp Brasil na cidade de São Paulo com a presença de Matt Mullenweg, desde então outros 5 WordCamps foram realizados em São Paulo com cerca de 300 participantes. Esse ano realizaremos novamente o WordCamp São Paulo, em parceria com a UNINOVE, em um evento para cerca de 600 pessoas.</p>
<h3>WordPress no Brasil</h3>
<p>Depois do primeiro WordCamp Brasil a comunidade começou a se organizar para descentralizar a ação de São Paulo e várias cidades como Rio de Janeiro, Curitiba, Salvador, Porto Alegre e Belo Horizonte começaram a articular Meetups e a falar sobre novos WordCamps.</p>
<p>Atualmente a lista de eventos exclusivos de WordPress está dividida em WordCamps e Meetups:</p>
<h4>WordCamps</h4>
<ul>
<li><a href="http://belohorizonte.wordcamp.org/">WordCamp Belo Horizonte</a></li>
<li><a href="http://curitiba.wordcamp.org/">WordCamp Curitiba</a></li>
<li><a href="https://floripa.wordcamp.org/">WordCamp Floripa</a></li>
<li><a href="https://fortaleza.wordcamp.org/">WordCamp Fortaleza</a></li>
<li><a href="http://portoalegre.wordcamp.org/">WordCamp Porto Alegre</a></li>
<li><a href="http://riodejaneiro.wordcamp.org/">WordCamp Rio de Janeiro</a></li>
<li><a href="http://salvador.wordcamp.org/">WordCamp Salvador</a></li>
<li><a href="https://saopaulo.wordcamp.org/">WordCamp São Paulo</a></li>
</ul>
<h4>Meetups</h4>
<ul>
<li><a href="http://www.meetup.com/WordPressBeloHorizonte">Belo Horizonte</a></li>
<li><a href="https://www.meetup.com/pt-BR/Blumenau-WordPress-Meetup/">Blumenau</a></li>
<li><a href="https://www.meetup.com/WordPress-Brasilia/">Brasília</a></li>
<li><a href="http://www.meetup.com/wpcuritiba/">Curitiba</a></li>
<li><a href="http://www.meetup.com/WordPress-Meetup-Cariri/">Cariri (Região do Cariri Cearense)</a></li>
<li><a href="https://www.meetup.com/Meetup-Wordpress-Floripa/">Florianópolis</a></li>
<li><a href="https://www.meetup.com/wpfortaleza/">Fortaleza</a></li>
<li><a href="https://www.meetup.com/pt-BR/WordPressGyn/">Goiânia</a></li>
<li><a href="http://www.meetup.com/wpJoaoPessoa/">João Pessoa</a></li>
<li><a href="http://www.meetup.com/wpjoinville/">Joinville</a></li>
<li><a href="https://www.meetup.com/Natal-WordPress/">Natal</a></li>
<li><a href="http://www.meetup.com/baixada-rio/">Nova Iguaçu (Baixada Rio)</a></li>
<li><a href="http://www.meetup.com/wp-poa/">Porto Alegre</a></li>
<li><a href="http://www.meetup.com/wprecife/">Recife</a></li>
<li><a href="https://www.meetup.com/Rio-Branco-WordPress-Meetup/">Rio Branco</a></li>
<li><a href="http://www.meetup.com/wp-rio">Rio de Janeiro </a></li>
<li><a href="http://meetup.com/wpsalvador">Salvador</a></li>
<li><a href="https://www.meetup.com/pt-BR/Sao-Jose-dos-Campos-WordPress-Meetup/" target="_blank" rel="noopener">São José dos Campos</a></li>
<li><a href="http://www.meetup.com/wpsampa/">São Paulo</a></li>
<li><a href="http://www.meetup.com/wpsorocaba/">Sorocaba</a></li>
<li><a href="https://www.meetup.com/Vitoria-WordPress-Meetup-WordCampVitoria/">Vitória</a></li>
</ul>

<p>O WordCamp é uma conferência originada nos Estados Unidos sobre tudo relacionado ao WordPress, plataforma open source de gerenciamento de conteúdo. São eventos organizados por comunidades de usuários do WordPress ao redor do mundo, onde desenvolvedores, designers, blogueiros e demais &hellip; <a href="https://saopaulo.wordcamp.org/2018/sobre/">Continue lendo <span class="assistive-text">Sobre</span>  <span class="meta-nav">&rarr;</span></a></p>

WordCamp São Paulo chega a sua 7ª edição Evento referência em WordPress no país, o WordCamp 2018 está marcado para o dia 13 de outubro. O WordCamp São Paulo é a maior conferência paulista dedicada a WordPress — e o maior do Brasil em 2018 — chega a sua 7ª edição.…

Fotografia aérea do WordCamp São Paulo 2016 mostrando todos os participantes posando para a câmera no teatro da faculdade UNICID

Política de privacidade

Informações e dados pessoais fornecidos à organização do WordCamp São Paulo 2018 – cuja veracidade e exatidão são de total responsabilidade do inscrito – serão coletados e guardados em conformidade com padrões rígidos de confidencialidade e de segurança, e utilizados para as seguintes finalidades: comunicar o inscrito a respeito de…

Nesta edição do WordCamp São Paulo iremos receber propostas para palestras e workshops dos mais variados assuntos. Abaixo você confere algumas informações e instruções sobre como se candidatar. Prazos Envio das propostas: até 13 de setembro até 19 de setembro Divulgação da programação final: 30 de setembro Formatos O WordCamp São…

Qual o local, data e horário? O WordCamp acontecerá no dia 13 de outubro de 2018, na Universidade Nove de Julho (Uninove). As atividades terão início às 8h com término previsto para as 17h. Quero ministrar uma palestra Se você tem interesse em realizar uma palestra, apresentação ou oficina, encaminhe…

Aqui estão alguns dos incríveis colaboradores que estão dedicando seu valioso tempo para fazer do WordCamp São Paulo 2018 um evento sensacional. Dê uma olhadinha, você vai encontrar pessoas muito interessantes nessa lista para conversar no dia do evento!

O WordCamp é o único evento oficial apoiado pela Fundação WordPress, é organizado pela comunidade local e não possui fins lucrativos. Por isso, contamos com o apoio dos patrocinadores para fazer o evento acontecer e oferecer a melhor estrutura para os participantes. Quer conhecer melhor o evento? Veja o Mídia…
