{"id":265,"date":"2017-10-27T09:40:25","date_gmt":"2017-10-27T12:40:25","guid":{"rendered":"https:\/\/2017.saopaulo.wordcamp.org\/location\/"},"modified":"2018-08-29T22:41:17","modified_gmt":"2018-08-30T01:41:17","slug":"localizacao","status":"publish","type":"page","link":"https:\/\/saopaulo.wordcamp.org\/2018\/localizacao\/","title":{"rendered":"Localiza\u00e7\u00e3o"},"content":{"rendered":"\n<p class=\"wp-block-paragraph\"><strong>Universidade Nove de Julho (Uninove)<br \/><\/strong>Rua Vergueiro, 235\/249 &#8211; Liberdade, S\u00e3o Paulo &#8211; SP, Brasil<\/p>\n\n\n\n<h2 class=\"wp-block-heading\">Transporte<\/h2>\n\n\n\n<p class=\"wp-block-paragraph\">A Uninove Vergueiro encontra-se ao lado da esta\u00e7\u00e3o S\u00e3o Joaquim da Linha 1 (Azul) do Metr\u00f4.\u00a0<\/p>\n\n\n\n<div class=\"googlemaps\">\n\t\t\t\t<iframe loading=\"lazy\" width=\"600\" height=\"450\" frameborder=\"0\" scrolling=\"no\" marginheight=\"0\" marginwidth=\"0\"  src=\"https:\/\/www.google.com\/maps\/embed?pb=!1m18!1m12!1m3!1d3657.117831836398!2d-46.640204083628994!3d-23.564211167585785!2m3!1f0!2f0!3f0!3m2!1i1024!2i768!4f13.1!3m3!1m2!1s0x94ce5bc51374e6ad:0xde82450ea5cf3c27!2sUNINOVE%20-%20Campus%20Vergueiro!5e0!3m2!1spt-BR!2sbr!4v1535593047079\"><\/iframe>\n\t\t\t<\/div>\n","protected":false},"excerpt":{"rendered":"<p>Universidade Nove de Julho (Uninove)Rua Vergueiro, 235\/249 &#8211; Liberdade, S\u00e3o Paulo &#8211; SP, Brasil Transporte A Uninove Vergueiro encontra-se ao lado da esta\u00e7\u00e3o S\u00e3o Joaquim da Linha 1 (Azul) do Metr\u00f4.\u00a0<\/p>\n","protected":false},"author":6038041,"featured_media":424,"parent":0,"menu_order":0,"comment_status":"closed","ping_status":"closed","template":"","meta":{"_crdt_document":"","jetpack_post_was_ever_published":false,"footnotes":""},"class_list":["post-265","page","type-page","status-publish","has-post-thumbnail","hentry"],"jetpack_sharing_enabled":true,"jetpack_shortlink":"https:\/\/wp.me\/Pa0rp1-4h","jetpack_likes_enabled":true,"jetpack-related-posts":[{"id":347,"url":"https:\/\/saopaulo.wordcamp.org\/2018\/guia-de-sobrevivencia\/","url_meta":{"origin":265,"position":0},"title":"Guia de sobreviv\u00eancia","author":"Rafael Funchal","date":"30\/10\/2017","format":false,"excerpt":"Localiza\u00e7\u00e3o Universidade Nove de Julho (Uninove)Rua Vergueiro, 235\/249 - Liberdade, S\u00e3o Paulo - SP, Brasil Ver mapa Pr\u00f3ximo ao Metr\u00f4 S\u00e3o Joaquim - Linha 1 Azul (300m). De f\u00e1cil acesso via transporte p\u00fablico, com v\u00e1rias op\u00e7\u00f5es de \u00f4nibus tamb\u00e9m. Alguns bairros pr\u00f3ximos: LiberdadeBela VistaRegi\u00e3o da Avenina PaulistaPara\u00edsoAclima\u00e7\u00e3oCentroVila Mariana Estacionamento Existem\u2026","rel":"","context":"Post similar","block_context":{"text":"Post similar","link":""},"img":{"alt_text":"","src":"https:\/\/i0.wp.com\/saopaulo.wordcamp.org\/2018\/files\/2018\/08\/wcsp-site-logo.png?fit=263%2C250&resize=350%2C200#038;ssl=1","width":350,"height":200},"classes":[]},{"id":297,"url":"https:\/\/saopaulo.wordcamp.org\/2018\/press-release\/","url_meta":{"origin":265,"position":1},"title":"Press release","author":"Rafael Funchal","date":"30\/10\/2017","format":false,"excerpt":"WordCamp S\u00e3o Paulo chega a sua 7\u00aa edi\u00e7\u00e3o Evento refer\u00eancia em WordPress no pa\u00eds, o WordCamp 2018 est\u00e1 marcado\u00a0para o dia 13 de outubro. O WordCamp S\u00e3o Paulo \u00e9 a maior confer\u00eancia paulista dedicada a WordPress \u2014 e o maior do Brasil em 2018 \u2014 chega a sua 7\u00aa edi\u00e7\u00e3o.\u2026","rel":"","context":"Post similar","block_context":{"text":"Post similar","link":""},"img":{"alt_text":"Fotografia a\u00e9rea do WordCamp S\u00e3o Paulo 2016 mostrando todos os participantes posando para a c\u00e2mera no teatro da faculdade UNICID","src":"https:\/\/i0.wp.com\/2017.saopaulo.wordcamp.org\/files\/2017\/10\/wordcamp-saopaulo-2016-1909.jpg?resize=350%2C200&ssl=1","width":350,"height":200,"srcset":"https:\/\/i0.wp.com\/2017.saopaulo.wordcamp.org\/files\/2017\/10\/wordcamp-saopaulo-2016-1909.jpg?resize=350%2C200&ssl=1 1x, https:\/\/i0.wp.com\/2017.saopaulo.wordcamp.org\/files\/2017\/10\/wordcamp-saopaulo-2016-1909.jpg?resize=525%2C300&ssl=1 1.5x, https:\/\/i0.wp.com\/2017.saopaulo.wordcamp.org\/files\/2017\/10\/wordcamp-saopaulo-2016-1909.jpg?resize=700%2C400&ssl=1 2x, https:\/\/i0.wp.com\/2017.saopaulo.wordcamp.org\/files\/2017\/10\/wordcamp-saopaulo-2016-1909.jpg?resize=1050%2C600&ssl=1 3x"},"classes":[]},{"id":352,"url":"https:\/\/saopaulo.wordcamp.org\/2018\/perguntas-frequentes\/","url_meta":{"origin":265,"position":2},"title":"Perguntas Frequentes","author":"Rafael Funchal","date":"30\/10\/2017","format":false,"excerpt":"Qual o local, data e hor\u00e1rio? O WordCamp acontecer\u00e1 no dia 13 de outubro de 2018, na Universidade Nove de Julho (Uninove). As atividades ter\u00e3o in\u00edcio \u00e0s 8h com t\u00e9rmino previsto para as 17h. Quero ministrar uma palestra Se voc\u00ea tem interesse em realizar uma palestra, apresenta\u00e7\u00e3o ou oficina, encaminhe\u2026","rel":"","context":"Post similar","block_context":{"text":"Post similar","link":""},"img":{"alt_text":"","src":"https:\/\/i0.wp.com\/saopaulo.wordcamp.org\/2018\/files\/2018\/08\/wcsp-site-logo.png?fit=263%2C250&resize=350%2C200#038;ssl=1","width":350,"height":200},"classes":[]},{"id":260,"url":"https:\/\/saopaulo.wordcamp.org\/2018\/sobre\/","url_meta":{"origin":265,"position":3},"title":"Sobre","author":"Rafael Funchal","date":"27\/10\/2017","format":false,"excerpt":"O WordCamp \u00e9 uma confer\u00eancia originada nos Estados Unidos sobre tudo relacionado ao WordPress, plataforma open source de gerenciamento de conte\u00fado. S\u00e3o eventos organizados por comunidades de usu\u00e1rios do WordPress ao redor do mundo, onde desenvolvedores, designers, blogueiros e demais usu\u00e1rios podem assistir palestras e apresenta\u00e7\u00f5es, trocar ideias e se\u2026","rel":"","context":"Post similar","block_context":{"text":"Post similar","link":""},"img":{"alt_text":"Matt Mullenweg no WordCamp Brasil","src":"https:\/\/i0.wp.com\/2012.saopaulo.wordcamp.org\/files\/2012\/06\/matt4-199x300.jpg?resize=350%2C200","width":350,"height":200},"classes":[]},{"id":225,"url":"https:\/\/saopaulo.wordcamp.org\/2018\/patrocine-o-wordcamp\/","url_meta":{"origin":265,"position":4},"title":"Seja um patrocinador do WordCamp 2018","author":"Rafael Funchal","date":"29\/10\/2017","format":false,"excerpt":"O WordCamp \u00e9 o \u00fanico evento oficial apoiado pela Funda\u00e7\u00e3o WordPress, \u00e9 organizado pela comunidade local e n\u00e3o possui fins lucrativos. Por isso, contamos com o apoio dos patrocinadores para fazer o evento acontecer e oferecer a melhor estrutura para os participantes. Quer conhecer melhor o evento? Veja o M\u00eddia\u2026","rel":"","context":"Post similar","block_context":{"text":"Post similar","link":""},"img":{"alt_text":"","src":"https:\/\/i0.wp.com\/saopaulo.wordcamp.org\/2018\/files\/2018\/08\/wcsp-site-logo.png?fit=263%2C250&resize=350%2C200#038;ssl=1","width":350,"height":200},"classes":[]},{"id":321,"url":"https:\/\/saopaulo.wordcamp.org\/2018\/politica-de-privacidade\/","url_meta":{"origin":265,"position":5},"title":"Pol\u00edtica de privacidade","author":"Rafael Funchal","date":"30\/10\/2017","format":false,"excerpt":"Informa\u00e7\u00f5es e dados pessoais fornecidos \u00e0 organiza\u00e7\u00e3o do WordCamp S\u00e3o Paulo 2018 \u2013 cuja veracidade e exatid\u00e3o s\u00e3o de total responsabilidade do inscrito \u2013 ser\u00e3o coletados e guardados em conformidade com padr\u00f5es r\u00edgidos de confidencialidade e de seguran\u00e7a, e utilizados para as seguintes finalidades: comunicar o inscrito a respeito de\u2026","rel":"","context":"Post similar","block_context":{"text":"Post similar","link":""},"img":{"alt_text":"","src":"https:\/\/i0.wp.com\/saopaulo.wordcamp.org\/2018\/files\/2018\/08\/wcsp-site-logo.png?fit=263%2C250&resize=350%2C200#038;ssl=1","width":350,"height":200},"classes":[]}],"_links":{"self":[{"href":"https:\/\/saopaulo.wordcamp.org\/2018\/wp-json\/wp\/v2\/pages\/265","targetHints":{"allow":["GET"]}}],"collection":[{"href":"https:\/\/saopaulo.wordcamp.org\/2018\/wp-json\/wp\/v2\/pages"}],"about":[{"href":"https:\/\/saopaulo.wordcamp.org\/2018\/wp-json\/wp\/v2\/types\/page"}],"author":[{"embeddable":true,"href":"https:\/\/saopaulo.wordcamp.org\/2018\/wp-json\/wp\/v2\/users\/6038041"}],"replies":[{"embeddable":true,"href":"https:\/\/saopaulo.wordcamp.org\/2018\/wp-json\/wp\/v2\/comments?post=265"}],"version-history":[{"count":1,"href":"https:\/\/saopaulo.wordcamp.org\/2018\/wp-json\/wp\/v2\/pages\/265\/revisions"}],"predecessor-version":[{"id":469,"href":"https:\/\/saopaulo.wordcamp.org\/2018\/wp-json\/wp\/v2\/pages\/265\/revisions\/469"}],"wp:featuredmedia":[{"embeddable":true,"href":"https:\/\/saopaulo.wordcamp.org\/2018\/wp-json\/"}],"wp:attachment":[{"href":"https:\/\/saopaulo.wordcamp.org\/2018\/wp-json\/wp\/v2\/media?parent=265"}],"curies":[{"name":"wp","href":"https:\/\/api.w.org\/{rel}","templated":true}]}}

Localização

<p class="wp-block-paragraph"><strong>Universidade Nove de Julho (Uninove)<br /></strong>Rua Vergueiro, 235/249 &#8211; Liberdade, São Paulo &#8211; SP, Brasil</p>



<h2 class="wp-block-heading">Transporte</h2>



<p class="wp-block-paragraph">A Uninove Vergueiro encontra-se ao lado da estação São Joaquim da Linha 1 (Azul) do Metrô. </p>



<div class="googlemaps">
				<iframe loading="lazy" width="600" height="450" frameborder="0" scrolling="no" marginheight="0" marginwidth="0"  src="https://www.google.com/maps/embed?pb=!1m18!1m12!1m3!1d3657.117831836398!2d-46.640204083628994!3d-23.564211167585785!2m3!1f0!2f0!3f0!3m2!1i1024!2i768!4f13.1!3m3!1m2!1s0x94ce5bc51374e6ad:0xde82450ea5cf3c27!2sUNINOVE%20-%20Campus%20Vergueiro!5e0!3m2!1spt-BR!2sbr!4v1535593047079"></iframe>
			</div>

<p>Universidade Nove de Julho (Uninove)Rua Vergueiro, 235/249 &#8211; Liberdade, São Paulo &#8211; SP, Brasil Transporte A Uninove Vergueiro encontra-se ao lado da estação São Joaquim da Linha 1 (Azul) do Metrô. </p>

Guia de sobrevivência

Localização Universidade Nove de Julho (Uninove)Rua Vergueiro, 235/249 - Liberdade, São Paulo - SP, Brasil Ver mapa Próximo ao Metrô São Joaquim - Linha 1 Azul (300m). De fácil acesso via transporte público, com várias opções de ônibus também. Alguns bairros próximos: LiberdadeBela VistaRegião da Avenina PaulistaParaísoAclimaçãoCentroVila Mariana Estacionamento Existem…

WordCamp São Paulo chega a sua 7ª edição Evento referência em WordPress no país, o WordCamp 2018 está marcado para o dia 13 de outubro. O WordCamp São Paulo é a maior conferência paulista dedicada a WordPress — e o maior do Brasil em 2018 — chega a sua 7ª edição.…

Fotografia aérea do WordCamp São Paulo 2016 mostrando todos os participantes posando para a câmera no teatro da faculdade UNICID

Qual o local, data e horário? O WordCamp acontecerá no dia 13 de outubro de 2018, na Universidade Nove de Julho (Uninove). As atividades terão início às 8h com término previsto para as 17h. Quero ministrar uma palestra Se você tem interesse em realizar uma palestra, apresentação ou oficina, encaminhe…

O WordCamp é uma conferência originada nos Estados Unidos sobre tudo relacionado ao WordPress, plataforma open source de gerenciamento de conteúdo. São eventos organizados por comunidades de usuários do WordPress ao redor do mundo, onde desenvolvedores, designers, blogueiros e demais usuários podem assistir palestras e apresentações, trocar ideias e se…

O WordCamp é o único evento oficial apoiado pela Fundação WordPress, é organizado pela comunidade local e não possui fins lucrativos. Por isso, contamos com o apoio dos patrocinadores para fazer o evento acontecer e oferecer a melhor estrutura para os participantes. Quer conhecer melhor o evento? Veja o Mídia…

Política de privacidade

Informações e dados pessoais fornecidos à organização do WordCamp São Paulo 2018 – cuja veracidade e exatidão são de total responsabilidade do inscrito – serão coletados e guardados em conformidade com padrões rígidos de confidencialidade e de segurança, e utilizados para as seguintes finalidades: comunicar o inscrito a respeito de…
