{"id":352,"date":"2017-10-30T19:33:28","date_gmt":"2017-10-30T21:33:28","guid":{"rendered":"https:\/\/2017.saopaulo.wordcamp.org\/?page_id=352"},"modified":"2018-08-30T15:32:34","modified_gmt":"2018-08-30T18:32:34","slug":"perguntas-frequentes","status":"publish","type":"page","link":"https:\/\/saopaulo.wordcamp.org\/2018\/perguntas-frequentes\/","title":{"rendered":"Perguntas Frequentes"},"content":{"rendered":"<h2>Qual o local, data e hor\u00e1rio?<\/h2>\n<p>O WordCamp acontecer\u00e1 no dia 13 de outubro de 2018, na Universidade Nove de Julho (Uninove). As atividades ter\u00e3o in\u00edcio \u00e0s 8h com t\u00e9rmino previsto para as 17h.<\/p>\n<h2>Quero ministrar uma palestra<\/h2>\n<p>Se voc\u00ea tem interesse em realizar uma palestra, apresenta\u00e7\u00e3o ou oficina, encaminhe sua proposta para a organiza\u00e7\u00e3o. O prazo \u00e9 dia <strong>13 de setembro!<\/strong><\/p>\n<h2>Quero patrocinar o WordCamp S\u00e3o Paulo 2018<\/h2>\n<p>Leia a p\u00e1gina sobre <a href=\"https:\/\/2018.saopaulo.wordcamp.org\/patrocine-o-wordcamp\/\">seja um patrocinador<\/a> e entre em contato conosco atrav\u00e9s do formul\u00e1rio que tem no final da p\u00e1gina.<\/p>\n<h2>Por que est\u00e1 sendo cobrada a taxa de inscri\u00e7\u00e3o?<\/h2>\n<p>A inscri\u00e7\u00e3o que custa <strong>R$ 60<\/strong>\u00a0\u00e9 um valor simb\u00f3lico, e ser\u00e1 utilizada para cobrir o custo da alimenta\u00e7\u00e3o, brindes, dos impostos sobre o evento etc. O evento n\u00e3o possui fins lucrativos e seu or\u00e7amento \u00e9 controlado pela WordPress Foundation, dos Estados Unidos.<\/p>\n<h2>Como eu recebo o ingresso do evento e a minha camiseta?<\/h2>\n<p>Primeiramente tenha certeza de efetuar a sua <a title=\"Inscri\u00e7\u00f5es\" href=\"https:\/\/2018.saopaulo.wordcamp.org\/ingressos\/\" target=\"_blank\" rel=\"noopener\">inscri\u00e7\u00e3o<\/a>. Uma vez confirmado o pagamento, voc\u00ea poder\u00e1 retirar suas credenciais e camiseta no dia e local do evento junto ao balc\u00e3o de credenciamento.<\/p>\n<p>Para isto,<strong> n\u00e3o esque\u00e7a tamb\u00e9m de levar um documento oficial com foto<\/strong>.<\/p>\n<h2>O que est\u00e1 inclu\u00eddo na taxa de inscri\u00e7\u00e3o?<\/h2>\n<ul>\n<li style=\"list-style-type: none\">\n<ul>\n<li style=\"text-align: justify\">Comparecimento irrestrito a todas as atividades, oficinas e palestras do evento, limitado pela lota\u00e7\u00e3o m\u00e1xima dos audit\u00f3rios e salas.<\/li>\n<\/ul>\n<\/li>\n<\/ul>\n<ul>\n<li style=\"text-align: justify\">Alimenta\u00e7\u00e3o e brindes.<\/li>\n<\/ul>\n<h2>Fiz a inscri\u00e7\u00e3o e n\u00e3o recebi o email de confirma\u00e7\u00e3o. O que eu devo fazer?<\/h2>\n<p>Aguarde um pouco e verifique sua caixa de SPAM. Se voc\u00ea n\u00e3o receber em no m\u00e1ximo 30 minutos, entre em contato pelo email saopaulo<em>[arroba]wordcamp.org<\/em><\/p>\n<h2>Quem vai comparecer ao WordCamp?<\/h2>\n<p>WordCamps s\u00e3o frequentados por uma variedade incr\u00edvel de pessoas, desde blogueiros iniciantes at\u00e9 desenvolvedores, gestores de conte\u00fado e consultores profissionais de WordPress. A abrang\u00eancia do p\u00fablico interessado reflete a diversidade do universo de pessoas envolvidas com o WordPress.<\/p>\n<p>Mas se ainda assim voc\u00ea estiver curioso, voc\u00ea pode conferir a <a href=\"https:\/\/2018.saopaulo.wordcamp.org\/participantes\/\" target=\"_blank\" rel=\"noopener\">lista de inscritos<\/a> aqui.<\/p>\n<h2>\u00c9 permitido filmar, fotografar e fazer coberturas paralelas?<\/h2>\n<p>Sim! Leve sua m\u00e1quina fotogr\u00e1fica, filmadora e fique \u00e0 vontade. N\u00e3o esque\u00e7a de compartilhar o material depois usando a hastag do evento <strong>#WordCampSP<\/strong>!<\/p>\n<p>Se voc\u00ea quiser fazer algum trabalho mais elaborado no evento, n\u00e3o esque\u00e7a de trocar uma ideia com a gente pelo e-mail saopaulo<em>[arroba]wordcamp.org<\/em>.<\/p>\n<h2>Como fa\u00e7o pra chegar na UNINOVE ?<\/h2>\n<p>Muito f\u00e1cil! Consulte nosso &#8220;<a title=\"Guia de Sobreviv\u00eancia\" href=\"http:\/\/2018.saopaulo.wordcamp.org\/guia-de-sobrevivencia\/\" target=\"_blank\" rel=\"noopener\">Guia de Sobreviv\u00eancia<\/a>&#8220;.<\/p>\n<h2>O que eu devo levar ao WordCamp?<\/h2>\n<ul>\n<li>Documento de identifica\u00e7\u00e3o com foto, para fins de credenciamento.<\/li>\n<li>Caso queira, seu notebook\u00a0ou tablet carregado &#8212; pode ser dif\u00edcil encontrar uma tomada livre, por isso leve tamb\u00e9m um adaptador para compartilhar.<\/li>\n<li>C\u00e2meras fotogr\u00e1ficas, filmadoras &#8212; \u00e9 permitido filmar, fotografar e gravar.<\/li>\n<li>Cart\u00f5es de visita &#8212; as pessoas ainda gostam deles.<\/li>\n<li>Imprima a programa\u00e7\u00e3o&#8230; e se programe.<\/li>\n<\/ul>\n<h2>Qual \u00e9 a hashtag oficial do evento?<\/h2>\n<p><strong>#WordCampSP<\/strong>! Use e abuse no Twitter e Facebook.<\/p>\n<h2>Quantos participantes s\u00e3o esperados?<\/h2>\n<p>O WordCamp S\u00e3o Paulo est\u00e1 sendo estruturado para um p\u00fablico de 600 pessoas.<\/p>\n<h2>Como retiro o certificado de participa\u00e7\u00e3o?<\/h2>\n<p>Os certificados ser\u00e3o disponibilizados online. Fique de olho aqui neste site\u00a0e na na <a title=\"facebook\/WordCampSaoPaulo\" href=\"https:\/\/www.facebook.com\/WordCampSaoPaulo\" target=\"_blank\" rel=\"noopener\">p\u00e1gina do evento no Facebook<\/a>.<\/p>\n<h2>Tenho uma d\u00favida que n\u00e3o est\u00e1 aqui. Como fa\u00e7o?<\/h2>\n<p>Envie um e-mail para saopaulo<em>[arroba]wordcamp.org<\/em>. Se a d\u00favida for relevante, adicionaremos aqui. \ud83d\ude42<\/p>\n","protected":false},"excerpt":{"rendered":"<p>Qual o local, data e hor\u00e1rio? O WordCamp acontecer\u00e1 no dia 13 de outubro de 2018, na Universidade Nove de Julho (Uninove). As atividades ter\u00e3o in\u00edcio \u00e0s 8h com t\u00e9rmino previsto para as 17h. Quero ministrar uma palestra Se voc\u00ea &hellip; <a href=\"https:\/\/saopaulo.wordcamp.org\/2018\/perguntas-frequentes\/\">Continue lendo <span class=\"assistive-text\">Perguntas Frequentes<\/span>  <span class=\"meta-nav\">&rarr;<\/span><\/a><\/p>\n","protected":false},"author":6038041,"featured_media":0,"parent":0,"menu_order":0,"comment_status":"closed","ping_status":"closed","template":"","meta":{"_crdt_document":"","jetpack_post_was_ever_published":false,"footnotes":""},"class_list":["post-352","page","type-page","status-publish","hentry"],"jetpack_sharing_enabled":true,"jetpack_shortlink":"https:\/\/wp.me\/Pa0rp1-5G","jetpack_likes_enabled":true,"jetpack-related-posts":[{"id":267,"url":"https:\/\/saopaulo.wordcamp.org\/2018\/ingressos\/","url_meta":{"origin":352,"position":0},"title":"Ingressos","author":"Rafael Funchal","date":"30\/10\/2017","format":false,"excerpt":"O ingresso para o WordCamp 2018 custa R$ 60 (sessenta Reais),\u00a0e inclui:\u00a0 \u2705 Palestras + Workshops\u2705 Painel de d\u00favidas com experts em WordPress\u2705 Alimenta\u00e7\u00e3o para o dia inteiro\u2705 Camiseta WordCamp\u2705 Brindes dos patrocinadores\u2705 Convite para o WordCana: happy hour p\u00f3s-evento A comunidade WordPress S\u00e3o Paulo n\u00e3o tem fins lucrativos. O\u2026","rel":"","context":"Post similar","block_context":{"text":"Post similar","link":""},"img":{"alt_text":"","src":"https:\/\/i0.wp.com\/saopaulo.wordcamp.org\/2018\/files\/2018\/09\/inscricoes-abertas-WCSP2018.jpg?fit=1200%2C675&ssl=1&resize=350%2C200","width":350,"height":200,"srcset":"https:\/\/i0.wp.com\/saopaulo.wordcamp.org\/2018\/files\/2018\/09\/inscricoes-abertas-WCSP2018.jpg?fit=1200%2C675&ssl=1&resize=350%2C200 1x, https:\/\/i0.wp.com\/saopaulo.wordcamp.org\/2018\/files\/2018\/09\/inscricoes-abertas-WCSP2018.jpg?fit=1200%2C675&ssl=1&resize=525%2C300 1.5x, https:\/\/i0.wp.com\/saopaulo.wordcamp.org\/2018\/files\/2018\/09\/inscricoes-abertas-WCSP2018.jpg?fit=1200%2C675&ssl=1&resize=700%2C400 2x, https:\/\/i0.wp.com\/saopaulo.wordcamp.org\/2018\/files\/2018\/09\/inscricoes-abertas-WCSP2018.jpg?fit=1200%2C675&ssl=1&resize=1050%2C600 3x"},"classes":[]},{"id":225,"url":"https:\/\/saopaulo.wordcamp.org\/2018\/patrocine-o-wordcamp\/","url_meta":{"origin":352,"position":1},"title":"Seja um patrocinador do WordCamp 2018","author":"Rafael Funchal","date":"29\/10\/2017","format":false,"excerpt":"O WordCamp \u00e9 o \u00fanico evento oficial apoiado pela Funda\u00e7\u00e3o WordPress, \u00e9 organizado pela comunidade local e n\u00e3o possui fins lucrativos. Por isso, contamos com o apoio dos patrocinadores para fazer o evento acontecer e oferecer a melhor estrutura para os participantes. Quer conhecer melhor o evento? Veja o M\u00eddia\u2026","rel":"","context":"Post similar","block_context":{"text":"Post similar","link":""},"img":{"alt_text":"","src":"https:\/\/i0.wp.com\/saopaulo.wordcamp.org\/2018\/files\/2018\/08\/wcsp-site-logo.png?fit=263%2C250&resize=350%2C200#038;ssl=1","width":350,"height":200},"classes":[]},{"id":273,"url":"https:\/\/saopaulo.wordcamp.org\/2018\/codigo-de-conduta\/","url_meta":{"origin":352,"position":2},"title":"C\u00f3digo de conduta","author":"Rafael Funchal","date":"27\/10\/2017","format":false,"excerpt":"1. Prop\u00f3sito O WordCamp S\u00e3o Paulo acredita que nossa comunidade deve ser totalmente aberta para todos. Desta forma, estamos comprometidos a oferecer um ambiente amig\u00e1vel, seguro e acolhedor para todos, n\u00e3o importando o sexo, orienta\u00e7\u00e3o sexual, defici\u00eancias f\u00edsicas, etnicidade, religi\u00e3o, sistema operacional preferido, linguagem de programa\u00e7\u00e3o ou editor de texto.\u2026","rel":"","context":"Post similar","block_context":{"text":"Post similar","link":""},"img":{"alt_text":"","src":"https:\/\/i0.wp.com\/saopaulo.wordcamp.org\/2018\/files\/2018\/08\/wcsp-site-logo.png?fit=263%2C250&resize=350%2C200#038;ssl=1","width":350,"height":200},"classes":[]},{"id":297,"url":"https:\/\/saopaulo.wordcamp.org\/2018\/press-release\/","url_meta":{"origin":352,"position":3},"title":"Press release","author":"Rafael Funchal","date":"30\/10\/2017","format":false,"excerpt":"WordCamp S\u00e3o Paulo chega a sua 7\u00aa edi\u00e7\u00e3o Evento refer\u00eancia em WordPress no pa\u00eds, o WordCamp 2018 est\u00e1 marcado\u00a0para o dia 13 de outubro. O WordCamp S\u00e3o Paulo \u00e9 a maior confer\u00eancia paulista dedicada a WordPress \u2014 e o maior do Brasil em 2018 \u2014 chega a sua 7\u00aa edi\u00e7\u00e3o.\u2026","rel":"","context":"Post similar","block_context":{"text":"Post similar","link":""},"img":{"alt_text":"Fotografia a\u00e9rea do WordCamp S\u00e3o Paulo 2016 mostrando todos os participantes posando para a c\u00e2mera no teatro da faculdade UNICID","src":"https:\/\/i0.wp.com\/2017.saopaulo.wordcamp.org\/files\/2017\/10\/wordcamp-saopaulo-2016-1909.jpg?resize=350%2C200&ssl=1","width":350,"height":200,"srcset":"https:\/\/i0.wp.com\/2017.saopaulo.wordcamp.org\/files\/2017\/10\/wordcamp-saopaulo-2016-1909.jpg?resize=350%2C200&ssl=1 1x, https:\/\/i0.wp.com\/2017.saopaulo.wordcamp.org\/files\/2017\/10\/wordcamp-saopaulo-2016-1909.jpg?resize=525%2C300&ssl=1 1.5x, https:\/\/i0.wp.com\/2017.saopaulo.wordcamp.org\/files\/2017\/10\/wordcamp-saopaulo-2016-1909.jpg?resize=700%2C400&ssl=1 2x, https:\/\/i0.wp.com\/2017.saopaulo.wordcamp.org\/files\/2017\/10\/wordcamp-saopaulo-2016-1909.jpg?resize=1050%2C600&ssl=1 3x"},"classes":[]},{"id":264,"url":"https:\/\/saopaulo.wordcamp.org\/2018\/patrocinadores\/","url_meta":{"origin":352,"position":4},"title":"Patrocinadores","author":"Rafael Funchal","date":"27\/10\/2017","format":false,"excerpt":"Quer patrocinar o WordCamp S\u00e3o Paulo 2018? Gostar\u00edamos muito que voc\u00ea nos ajudasse a realizar o evento desse ano, ent\u00e3o leia nossa \"Chamada para patrocinadores\"... esperamos seu e-mail :-)","rel":"","context":"Post similar","block_context":{"text":"Post similar","link":""},"img":{"alt_text":"","src":"https:\/\/i0.wp.com\/saopaulo.wordcamp.org\/2018\/files\/2018\/08\/wcsp-site-logo.png?fit=263%2C250&resize=350%2C200#038;ssl=1","width":350,"height":200},"classes":[]},{"id":388,"url":"https:\/\/saopaulo.wordcamp.org\/2018\/seja-um-palestrante\/","url_meta":{"origin":352,"position":5},"title":"Seja um palestrante","author":"Rafael Funchal","date":"31\/10\/2017","format":false,"excerpt":"Nesta edi\u00e7\u00e3o do WordCamp S\u00e3o Paulo iremos receber propostas para palestras e workshops dos mais variados assuntos. Abaixo voc\u00ea confere algumas informa\u00e7\u00f5es e instru\u00e7\u00f5es sobre como se candidatar. Prazos Envio das propostas: at\u00e9 13 de setembro\u00a0at\u00e9 19 de setembro Divulga\u00e7\u00e3o da programa\u00e7\u00e3o final: 30 de setembro Formatos O WordCamp S\u00e3o\u2026","rel":"","context":"Post similar","block_context":{"text":"Post similar","link":""},"img":{"alt_text":"","src":"https:\/\/i0.wp.com\/saopaulo.wordcamp.org\/2018\/files\/2018\/09\/Poster-WCSP-2018-Juliana.jpg?fit=1200%2C675&ssl=1&resize=350%2C200","width":350,"height":200,"srcset":"https:\/\/i0.wp.com\/saopaulo.wordcamp.org\/2018\/files\/2018\/09\/Poster-WCSP-2018-Juliana.jpg?fit=1200%2C675&ssl=1&resize=350%2C200 1x, https:\/\/i0.wp.com\/saopaulo.wordcamp.org\/2018\/files\/2018\/09\/Poster-WCSP-2018-Juliana.jpg?fit=1200%2C675&ssl=1&resize=525%2C300 1.5x, https:\/\/i0.wp.com\/saopaulo.wordcamp.org\/2018\/files\/2018\/09\/Poster-WCSP-2018-Juliana.jpg?fit=1200%2C675&ssl=1&resize=700%2C400 2x, https:\/\/i0.wp.com\/saopaulo.wordcamp.org\/2018\/files\/2018\/09\/Poster-WCSP-2018-Juliana.jpg?fit=1200%2C675&ssl=1&resize=1050%2C600 3x"},"classes":[]}],"_links":{"self":[{"href":"https:\/\/saopaulo.wordcamp.org\/2018\/wp-json\/wp\/v2\/pages\/352","targetHints":{"allow":["GET"]}}],"collection":[{"href":"https:\/\/saopaulo.wordcamp.org\/2018\/wp-json\/wp\/v2\/pages"}],"about":[{"href":"https:\/\/saopaulo.wordcamp.org\/2018\/wp-json\/wp\/v2\/types\/page"}],"author":[{"embeddable":true,"href":"https:\/\/saopaulo.wordcamp.org\/2018\/wp-json\/wp\/v2\/users\/6038041"}],"replies":[{"embeddable":true,"href":"https:\/\/saopaulo.wordcamp.org\/2018\/wp-json\/wp\/v2\/comments?post=352"}],"version-history":[{"count":5,"href":"https:\/\/saopaulo.wordcamp.org\/2018\/wp-json\/wp\/v2\/pages\/352\/revisions"}],"predecessor-version":[{"id":528,"href":"https:\/\/saopaulo.wordcamp.org\/2018\/wp-json\/wp\/v2\/pages\/352\/revisions\/528"}],"wp:attachment":[{"href":"https:\/\/saopaulo.wordcamp.org\/2018\/wp-json\/wp\/v2\/media?parent=352"}],"curies":[{"name":"wp","href":"https:\/\/api.w.org\/{rel}","templated":true}]}}