{"id":12,"date":"2019-04-11T22:28:08","date_gmt":"2019-04-11T22:28:08","guid":{"rendered":"https:\/\/2019.saopaulo.wordcamp.org\/organizers\/"},"modified":"2019-07-02T00:15:41","modified_gmt":"2019-07-02T03:15:41","slug":"organizadores","status":"publish","type":"page","link":"https:\/\/saopaulo.wordcamp.org\/2019\/organizadores\/","title":{"rendered":"Organizadores"},"content":{"rendered":"\t<div class=\"wcorg-organizers\">\n\n\t\t\n\t\t\t<div class=\"wcorg-organizer\">\n\t\t\t\t<h2>Alex Koti<\/h2>\n\t\t\t\t<div class=\"wcorg-organizer-description\">\n\t\t\t\t\t\t\t\t\t\t<img alt='' src='https:\/\/secure.gravatar.com\/avatar\/0d6c8e9b32a285cbfb8fc24c1040d6bdb13963071fdc158f12838cb2acc025a4?s=100&#038;d=mm&#038;r=g' srcset='https:\/\/secure.gravatar.com\/avatar\/0d6c8e9b32a285cbfb8fc24c1040d6bdb13963071fdc158f12838cb2acc025a4?s=200&#038;d=mm&#038;r=g 2x' class='avatar avatar-100 photo' height='100' width='100' \/>\t\t\t\t\t\n<p>Formado em Design e Artes Visuais. Trabalha com frontend desde 2004 e com PHP  desde 2007, quando conheceu o WordPress na vers\u00e3o 1.5. Atualmente trabalha na SitesWP, e \u00e9 s\u00f3cio no sebo de hqs Excelsior Comics, feito em WooCommerce.<\/p>\n\t\t\t\t<\/div>\n\t\t\t<\/div>\n\n\t\t\n\t\t\t<div class=\"wcorg-organizer\">\n\t\t\t\t<h2>Allyson Souza<\/h2>\n\t\t\t\t<div class=\"wcorg-organizer-description\">\n\t\t\t\t\t\t\t\t\t\t<img alt='' src='https:\/\/secure.gravatar.com\/avatar\/2390e8368b3a4667c5213a889fb4cc40ce5a3d5c6080aeb6e7cdbbe41ca5ffdb?s=100&#038;d=mm&#038;r=g' srcset='https:\/\/secure.gravatar.com\/avatar\/2390e8368b3a4667c5213a889fb4cc40ce5a3d5c6080aeb6e7cdbbe41ca5ffdb?s=200&#038;d=mm&#038;r=g 2x' class='avatar avatar-100 photo' height='100' width='100' \/>\t\t\t\t\t\n<p>Programador PHP especializado em WordPress e WooCommerce. Atua com WordPress desde 2013, quando precisou fazer o site de sua empresa e recebeu muito apoio da comunidade. Hoje continua com sua empresa Haste junto com a Anyssa Ferreira.<\/p>\n\t\t\t\t<\/div>\n\t\t\t<\/div>\n\n\t\t\n\t\t\t<div class=\"wcorg-organizer\">\n\t\t\t\t<h2>Anyssa Ferreira<\/h2>\n\t\t\t\t<div class=\"wcorg-organizer-description\">\n\t\t\t\t\t\t\t\t\t\t<img alt='' src='https:\/\/secure.gravatar.com\/avatar\/d44ccff4ae37e9720e532e658ea76b0b18fbcc5eb08ec2db9c7e10461cf4c4d9?s=100&#038;d=mm&#038;r=g' srcset='https:\/\/secure.gravatar.com\/avatar\/d44ccff4ae37e9720e532e658ea76b0b18fbcc5eb08ec2db9c7e10461cf4c4d9?s=200&#038;d=mm&#038;r=g 2x' class='avatar avatar-100 photo' height='100' width='100' \/>\t\t\t\t\t\n<p>Designer e desenvolvedora web h\u00e1 mais de 10 anos, especialista em WordPress. Co-fundadora do est\u00fadio Haste. Ganhadora da Kim Parsell Scholarship pela Funda\u00e7\u00e3o WordPress. Organizadora da comunidade WordPress S\u00e3o Paulo desde 2013.<br><\/p>\n\t\t\t\t<\/div>\n\t\t\t<\/div>\n\n\t\t\n\t\t\t<div class=\"wcorg-organizer\">\n\t\t\t\t<h2>Fernando Yada<\/h2>\n\t\t\t\t<div class=\"wcorg-organizer-description\">\n\t\t\t\t\t\t\t\t\t\t<img alt='' src='https:\/\/secure.gravatar.com\/avatar\/e12b4edc71c65a7866bb5109793beca18c7cebc936f8b62643a50a4c990e8426?s=100&#038;d=mm&#038;r=g' srcset='https:\/\/secure.gravatar.com\/avatar\/e12b4edc71c65a7866bb5109793beca18c7cebc936f8b62643a50a4c990e8426?s=200&#038;d=mm&#038;r=g 2x' class='avatar avatar-100 photo' height='100' width='100' \/>\t\t\t\t\t\n<p>Programador, trabalha com eventos acad\u00eamicos e desenvolvimento WordPress.<\/p>\n\t\t\t\t<\/div>\n\t\t\t<\/div>\n\n\t\t\n\t\t\t<div class=\"wcorg-organizer\">\n\t\t\t\t<h2>Rafael Funchal<\/h2>\n\t\t\t\t<div class=\"wcorg-organizer-description\">\n\t\t\t\t\t\t\t\t\t\t<img alt='' src='https:\/\/secure.gravatar.com\/avatar\/f11628da9cf1003b290583f04edc6e9a6c2ae879cedfe30d51375822cccc017c?s=100&#038;d=mm&#038;r=g' srcset='https:\/\/secure.gravatar.com\/avatar\/f11628da9cf1003b290583f04edc6e9a6c2ae879cedfe30d51375822cccc017c?s=200&#038;d=mm&#038;r=g 2x' class='avatar avatar-100 photo' height='100' width='100' \/>\t\t\t\t\t\n<p>Web Developer, Publicit\u00e1rio e m\u00fasico nas horas vagas. Desenvolve com WordPress desde 2009, \u00e9 um dos organizadores da comunidade WordPress em S\u00e3o Paulo e Happiness Engineer no WordPress.com.<\/p>\n\t\t\t\t<\/div>\n\t\t\t<\/div>\n\n\t\t\n\t\t\t<div class=\"wcorg-organizer\">\n\t\t\t\t<h2>Rafael Rodrigues<\/h2>\n\t\t\t\t<div class=\"wcorg-organizer-description\">\n\t\t\t\t\t\t\t\t\t\t<img alt='' src='https:\/\/secure.gravatar.com\/avatar\/b626a4b700bc0d4c8c0a219c5cfa6105da34028471f0dfc8b4bd7321db7cadfc?s=100&#038;d=mm&#038;r=g' srcset='https:\/\/secure.gravatar.com\/avatar\/b626a4b700bc0d4c8c0a219c5cfa6105da34028471f0dfc8b4bd7321db7cadfc?s=200&#038;d=mm&#038;r=g 2x' class='avatar avatar-100 photo' height='100' width='100' \/>\t\t\t\t\t\n<p>Empres\u00e1rio na Internet desde 2009 no Grupo Emprega. Do Interior de S\u00e3o Paulo.<\/p>\n\n\n\n<p>No inicio utilizava uma plataforma fechada para cria\u00e7\u00e3o de sites que j\u00e1 n\u00e3o suportava o crescimento da empresa. Quando em 2011 seguindo os passos de uma pessoa que dava dicas da antiga plataforma, tinha migrado para um <em>tal de <strong>WordPress<\/strong>,<\/em> quando terminou de ler o post do blog que seguia, migrou na mesma hora um site <strong>&#8220;s\u00f3 para testar&#8221;  <\/strong>e desde ent\u00e3o usa WordPress em 99% dos projetos da sua empresa e os 1% \u00e9 open-source. <\/p>\n\n\n\n<p>Atualmente ampliando os conhecimentos em WooCommerce e gerenciamento de servidores focado em WordPress. <\/p>\n\t\t\t\t<\/div>\n\t\t\t<\/div>\n\n\t\t\n\t\t\t<div class=\"wcorg-organizer\">\n\t\t\t\t<h2>Sandra Peres<\/h2>\n\t\t\t\t<div class=\"wcorg-organizer-description\">\n\t\t\t\t\t\t\t\t\t\t<img alt='' src='https:\/\/secure.gravatar.com\/avatar\/7b7eaaa4aadc682d507bfde811645ed2a87632d6a23235c4e69b0b975ed61338?s=100&#038;d=mm&#038;r=g' srcset='https:\/\/secure.gravatar.com\/avatar\/7b7eaaa4aadc682d507bfde811645ed2a87632d6a23235c4e69b0b975ed61338?s=200&#038;d=mm&#038;r=g 2x' class='avatar avatar-100 photo' height='100' width='100' \/>\t\t\t\t\t\n<p>Publicit\u00e1ria | Social Media | Redatora Freelancer e Bloguerinha da meia noite \u00e0s seis. <br>Conheci o WordPress h\u00e1 10 anos quando resolvi profissionalizar meu blog e foi amor \u00e0 primeira vista. <br>Escrevo profissionalmente desde ent\u00e3o para diversas marcas sempre levando a palavra do WordPress para todos!<\/p>\n\t\t\t\t<\/div>\n\t\t\t<\/div>\n\n\t\t\n\t\t\t<div class=\"wcorg-organizer\">\n\t\t\t\t<h2>Tania Gamarra<\/h2>\n\t\t\t\t<div class=\"wcorg-organizer-description\">\n\t\t\t\t\t\t\t\t\t\t<img alt='' src='https:\/\/secure.gravatar.com\/avatar\/593019a80ceb88dd30acc47e263a73ed0814c63cba69a89e9d1c6bb754f88d2d?s=100&#038;d=mm&#038;r=g' srcset='https:\/\/secure.gravatar.com\/avatar\/593019a80ceb88dd30acc47e263a73ed0814c63cba69a89e9d1c6bb754f88d2d?s=200&#038;d=mm&#038;r=g 2x' class='avatar avatar-100 photo' height='100' width='100' \/>\t\t\t\t\t\n<p>Empres\u00e1ria, s\u00f3cia fundadora da marca BIKEZETAS, onde o e-commerce foi desenvolvido em WordPress com plugin WooCommerce. <\/p>\n\n\n\n<p>Trabalhei 21 anos na \u00c1rea de Engenharia Civil como projetista, e em paralelo sempre gostei de c\u00f3digos e programa\u00e7\u00e3o C++. Comecei a estudar PHP \/ HTML em 2001 e WordPress desde 2005, e de l\u00e1 pra c\u00e1, fiz diversos trabalhos e projetos tendo o WordPress como base. <\/p>\n\t\t\t\t<\/div>\n\t\t\t<\/div>\n\n\t\t\n\t<\/div><!-- .wcorg-organizers -->\n\t\n","protected":false},"excerpt":{"rendered":"","protected":false},"author":7895104,"featured_media":0,"parent":0,"menu_order":0,"comment_status":"closed","ping_status":"closed","template":"","meta":{"jetpack_post_was_ever_published":false,"footnotes":""},"class_list":["post-12","page","type-page","status-publish","hentry"],"jetpack_shortlink":"https:\/\/wp.me\/PaUnkt-c","jetpack_sharing_enabled":true,"_links":{"self":[{"href":"https:\/\/saopaulo.wordcamp.org\/2019\/wp-json\/wp\/v2\/pages\/12","targetHints":{"allow":["GET"]}}],"collection":[{"href":"https:\/\/saopaulo.wordcamp.org\/2019\/wp-json\/wp\/v2\/pages"}],"about":[{"href":"https:\/\/saopaulo.wordcamp.org\/2019\/wp-json\/wp\/v2\/types\/page"}],"author":[{"embeddable":true,"href":"https:\/\/saopaulo.wordcamp.org\/2019\/wp-json\/wp\/v2\/users\/7895104"}],"replies":[{"embeddable":true,"href":"https:\/\/saopaulo.wordcamp.org\/2019\/wp-json\/wp\/v2\/comments?post=12"}],"version-history":[{"count":5,"href":"https:\/\/saopaulo.wordcamp.org\/2019\/wp-json\/wp\/v2\/pages\/12\/revisions"}],"predecessor-version":[{"id":687,"href":"https:\/\/saopaulo.wordcamp.org\/2019\/wp-json\/wp\/v2\/pages\/12\/revisions\/687"}],"wp:attachment":[{"href":"https:\/\/saopaulo.wordcamp.org\/2019\/wp-json\/wp\/v2\/media?parent=12"}],"curies":[{"name":"wp","href":"https:\/\/api.w.org\/{rel}","templated":true}]}}