{"id":481,"date":"2019-07-09T22:03:48","date_gmt":"2019-07-10T01:03:48","guid":{"rendered":"https:\/\/2019.saopaulo.wordcamp.org\/?page_id=481"},"modified":"2019-07-12T20:48:38","modified_gmt":"2019-07-12T23:48:38","slug":"hospedagem","status":"publish","type":"page","link":"https:\/\/saopaulo.wordcamp.org\/2019\/informacoes-uteis\/hospedagem\/","title":{"rendered":"Hospedagem"},"content":{"rendered":"\n<p>O tamanho de S\u00e3o Paulo pode assustar qualquer visitante na hora de decidir onde se hospedar. Entretanto o evento ocorrer\u00e1 pr\u00f3ximo a uma das melhores regi\u00f5es para se hospedar, tanto para neg\u00f3cios quanto para turismo, que \u00e9 a regi\u00e3o da Avenida Paulista. A cidade conta com diversos tipos de acomoda\u00e7\u00f5es, hot\u00e9is, hostel, pousadas e hospedagem particular (a qual pode conseguir via aplicativos como o Airbnb).<\/p>\n\n\n\n<p>Sugerimos abaixo alguma das op\u00e7\u00f5es pr\u00f3ximas ao local do evento, de diversos tipos e faixas de pre\u00e7os como uma sugest\u00e3o com nossa curadoria.<\/p>\n\n\n\n<p class=\"has-text-color has-background has-vivid-red-color has-very-light-gray-background-color\"><a href=\"https:\/\/www.google.com.br\/maps\/search\/Hot%C3%A9is\/@-23.5635847,-46.6433627,15.75z\/data=!4m7!2m6!5m4!5m2!1s2019-10-04!2i2!10e1!6e3\">Voc\u00ea pode conferir aqui a consulta de hot\u00e9is pr\u00f3ximos ao local, no final de semana do evento, no Google Maps.<\/a><\/p>\n\n\n\n<h2 class=\"wp-block-heading\">Hot\u00e9is<\/h2>\n\n\n\n<p>O evento acontece na regi\u00e3o central de S\u00e3o Paulo, no bairro da Liberdade, onde se concentram muitos hot\u00e9is e <em>hostel&#8217;s<\/em>.<\/p>\n\n\n\n<h3 class=\"wp-block-heading\">Hotel Paulista Wall Street<\/h3>\n\n\n\n<p><strong>Endere\u00e7o<\/strong>:  R. Itapeva, 636 &#8211; Bela Vista, S\u00e3o Paulo &#8211; SP, 01332-000<br><strong>Pre\u00e7o<\/strong>: a partir de R$ 280<br> <strong>Estrelas<\/strong>: \u2b50\u2b50\u2b50\u2b50<\/p>\n\n\n\n<div class=\"wp-block-button is-style-squared\"><a class=\"wp-block-button__link has-background has-vivid-red-background-color\" href=\"https:\/\/www.wallstreet.com.br\/\">Acesse o site &gt;<\/a><\/div>\n\n\n\n<h3 class=\"wp-block-heading\">Pestana Hotel<\/h3>\n\n\n\n<p><strong>Endere\u00e7o<\/strong>:  R. Tut\u00f3ia, 77 &#8211; Para\u00edso, S\u00e3o Paulo &#8211; SP, 04007-000<br><strong>Pre\u00e7o<\/strong>: a partir de R$ 226<br><strong>Estrelas<\/strong>: \u2b50\u2b50\u2b50\u2b50<\/p>\n\n\n\n<div class=\"wp-block-button is-style-squared\"><a class=\"wp-block-button__link has-background has-vivid-red-background-color\" href=\"https:\/\/www.pestana.com\/br\/hotel\/pestana-sao-paulo?utm_source=google-my-business&amp;utm_medium=organicsearch&amp;utm_campaign=pestana-sao-paulo\"> Acesse o site &gt;<\/a><\/div>\n\n\n\n<h3 class=\"wp-block-heading\">Hotel Century Paulista<\/h3>\n\n\n\n<p><strong>Endere\u00e7o<\/strong>:  R. Teixeira da Silva, 647 &#8211; Para\u00edso, S\u00e3o Paulo &#8211; SP, 04002-033 <br><strong>Pre\u00e7o<\/strong>: a partir de R$ 215<br><strong>Estrelas<\/strong>: \u2b50\u2b50\u2b50\u2b50<\/p>\n\n\n\n<div class=\"wp-block-button is-style-squared\"><a class=\"wp-block-button__link has-background has-vivid-red-background-color\" href=\"https:\/\/www.centuryflat.com.br\/\"> Acesse o site &gt;<\/a><\/div>\n\n\n\n<h3 class=\"wp-block-heading\">Mercure<\/h3>\n\n\n\n<p><strong>Endere\u00e7o<\/strong>: Rua Maestro Cardim, 407 (dist\u00e2ncia: 500 metros)<br><strong>Pre\u00e7o<\/strong>: a partir de R$ 290<br><strong>Estrelas<\/strong>: \u2b50\u2b50\u2b50<\/p>\n\n\n\n<div class=\"wp-block-button is-style-squared\"><a class=\"wp-block-button__link has-background has-vivid-red-background-color\" href=\"http:\/\/www.accorhotels.com\/pt\/hotel-3626-mercure-sao-paulo-central-towers-hotel\/location.shtml\"> Acesse o site &gt;<\/a><\/div>\n\n\n\n<h3 class=\"wp-block-heading\">EZ Hot\u00e9is<\/h3>\n\n\n\n<p><strong>Endere\u00e7o<\/strong>: Av. Armando Ferrentini, 668 &#8211; Aclima\u00e7\u00e3o, S\u00e3o Paulo &#8211; SP, 04103-030<br><strong>Pre\u00e7o<\/strong>: a partir de R$ 198<br><strong>Estrelas<\/strong>: \u2b50\u2b50\u2b50<\/p>\n\n\n\n<div class=\"wp-block-button is-style-squared\"><a class=\"wp-block-button__link has-background has-vivid-red-background-color\" href=\"https:\/\/www.ezhoteis.com.br\/\"> Acesse o site &gt;<\/a><\/div>\n\n\n\n<h3 class=\"wp-block-heading\">Comfort Nova Paulista<\/h3>\n\n\n\n<p><strong>Endere\u00e7o<\/strong>: Rua Vergueiro, 2740 &#8211; Vila Mariana, S\u00e3o Paulo &#8211; SP, 04102-001<br><strong>Pre\u00e7o<\/strong>: a partir de R$ 190<br><strong>Estrelas<\/strong>: \u2b50\u2b50\u2b50<\/p>\n\n\n\n<div class=\"wp-block-button is-style-squared\"><a class=\"wp-block-button__link has-background has-vivid-red-background-color\" href=\"https:\/\/www.atlanticahotels.com.br\/hotel\/comfort-hotel-nova-paulista-sao-paulo-brasil\/\"> Acesse o site &gt;<\/a><\/div>\n\n\n\n<h3 class=\"wp-block-heading\">Hotel Para\u00edso<\/h3>\n\n\n\n<p><strong>Endere\u00e7o<\/strong>: R. Dr. Rafael de Barros, 52 &#8211; Para\u00edso, S\u00e3o Paulo &#8211; SP, 04003-040<br><strong>Pre\u00e7o<\/strong>: a partir de R$ 175<br><strong>Estrelas<\/strong>: \u2b50\u2b50\u2b50<\/p>\n\n\n\n<div class=\"wp-block-button is-style-squared\"><a class=\"wp-block-button__link has-background has-vivid-red-background-color\" href=\"https:\/\/sphotelparaiso.com.br\/\"> Acesse o site &gt;<\/a><\/div>\n\n\n\n<h3 class=\"wp-block-heading\">Ibis Budget<\/h3>\n\n\n\n<p><strong>Endere\u00e7o<\/strong>: Rua Vergueiro 1571 ao lado da esta\u00e7\u00e3o de metro Para\u00edso &#8211; Vila Mariana, S\u00e3o Paulo &#8211; SP, 04101-000<br><strong>Pre\u00e7o<\/strong>: a partir de R$ 177<br><strong>Estrelas<\/strong>: \u2b50\u2b50\u2b50<\/p>\n\n\n\n<div class=\"wp-block-button is-style-squared\"><a class=\"wp-block-button__link has-background has-vivid-red-background-color\" href=\"https:\/\/www.accorhotels.com\/pt-br\/hotel-3531-ibis-budget-sao-paulo-paraiso\/index.shtml\"> Acesse o site &gt;<\/a><\/div>\n\n\n\n<h3 class=\"wp-block-heading\">Hotel Esta\u00e7\u00e3o Para\u00edso<\/h3>\n\n\n\n<p><strong>Endere\u00e7o<\/strong>: Rua Vergueiro, 1563 &#8211; Para\u00edso, S\u00e3o Paulo &#8211; SP, 04101-000<br><strong>Pre\u00e7o<\/strong>: a partir de R$ 195<br><strong>Estrelas<\/strong>:  \u2b50\u2b50<\/p>\n\n\n\n<div class=\"wp-block-button is-style-squared\"><a class=\"wp-block-button__link has-background has-vivid-red-background-color\" href=\"https:\/\/www.hotelestacaoparaiso.com.br\/\"> Acesse o site &gt;<\/a><\/div>\n\n\n\n<h2 class=\"wp-block-heading\">Hostel e pousadas<\/h2>\n\n\n\n<h3 class=\"wp-block-heading\">Hostel Vergueiro<\/h3>\n\n\n\n<p><strong>Endere\u00e7o<\/strong>: Rua Vergueiro, 434 (dist\u00e2ncia: 400 metros)<br><strong>Pre\u00e7o:<\/strong> 75 pre\u00e7o normal  com caf\u00e9 da manh\u00e3<br><strong>Di\u00e1ria para participante do WordCamp<\/strong> &#8211; 60 reais com caf\u00e9 da manh\u00e3<br>Informar no ato da reserva <strong> #WORDCAMPSP2019<\/strong><br><strong>Telefone:<\/strong> 11 2649 1323 \/ 11 2649 1324<br><strong>WhatsApp:<\/strong> 11 94203-9889<br><strong>Email: <\/strong><a href=\"mailto:hostelvergueiro@hotmail.com\">hostelvergueiro@hotmail.com<\/a><\/p>\n\n\n\n<div class=\"wp-block-button is-style-squared\"><a class=\"wp-block-button__link has-background has-vivid-red-background-color\" href=\"http:\/\/hostelvergueiro.com\/\"> Acesse o site &gt;<\/a><\/div>\n\n\n\n<h3 class=\"wp-block-heading\">Hostel Planeta<\/h3>\n\n\n\n<p><strong>Endere\u00e7o:<\/strong> Rua Senador Fel\u00edcio dos Santos, 401 &#8211; casa 12 &#8211; Liberdade (distancia: 400 Metros da Uninove)<br><strong>Pre\u00e7o: <\/strong>Di\u00e1rias a <strong>70 reais<\/strong> com Caf\u00e9 da Manh\u00e3 ou <strong>40 reais<\/strong> sem Caf\u00e9 da Manh\u00e3<br>Desconto de <em><strong>13% para participantes do WordCamp SP<\/strong><\/em><br>Informar no ato da reserva<strong> #WORDCAMPSP2019<\/strong><br><strong>Reservas pelo WhatsApp &#8211;<\/strong> 11995735543<br><strong>Email :<\/strong> macroger.oliveira#gmail.com<br><em>Reservas somente pelo WhatsApp<\/em><\/p>\n\n\n\n<div class=\"wp-block-button is-style-squared\"><a class=\"wp-block-button__link has-background has-vivid-red-background-color\" href=\"https:\/\/business.google.com\/website\/hostel-planeta\"> Acesse o site &gt;<\/a><\/div>\n\n\n\n<h3 class=\"wp-block-heading\">Pousada Bonita<\/h3>\n\n\n\n<p><strong>Endere\u00e7o<\/strong>: Rua Correia Dias, 368 &#8211; Para\u00edso, S\u00e3o Paulo &#8211; SP, 04104-001<br><strong>Pre\u00e7o<\/strong>: a partir de R$ 170<br><strong>Estrelas<\/strong>: \u2b50\u2b50<\/p>\n\n\n\n<div class=\"wp-block-button is-style-squared\"><a class=\"wp-block-button__link has-background has-vivid-red-background-color\" href=\"http:\/\/www.pousadabonita.com.br\/\"> Acesse o site &gt;<\/a><\/div>\n\n\n\n<h3 class=\"wp-block-heading\">The Hostel Vila Mariana<\/h3>\n\n\n\n<p><strong>Endere\u00e7o<\/strong>: R. Domingos de Morais, 775 &#8211; Vila Mariana, S\u00e3o Paulo &#8211; SP, 04009-001<br><strong>Pre\u00e7o<\/strong>: a partir de R$ 67<\/p>\n\n\n\n<div class=\"wp-block-button is-style-squared\"><a class=\"wp-block-button__link has-background has-vivid-red-background-color\" href=\"https:\/\/thehostel.com.br\/the-hostel-vila-mariana\"> Acesse o site &gt;<\/a><\/div>\n\n\n\n<h3 class=\"wp-block-heading\">Olah Hostel Vila Mariana<\/h3>\n\n\n\n<p><strong>Endere\u00e7o<\/strong>: Rua Alceu Wamosy, 40 &#8211; Vila Mariana, S\u00e3o Paulo &#8211; SP, 04105-040<br><strong>Pre\u00e7o<\/strong>: a partir de R$ 78<\/p>\n\n\n\n<div class=\"wp-block-button is-style-squared\"><a class=\"wp-block-button__link has-background has-vivid-red-background-color\" href=\"http:\/\/www.olahostel.com\/pt\/home\"> Acesse o site &gt;<\/a><\/div>\n","protected":false},"excerpt":{"rendered":"<p>O tamanho de S\u00e3o Paulo pode assustar qualquer visitante na hora de decidir onde se hospedar. Entretanto o evento ocorrer\u00e1 pr\u00f3ximo a uma das melhores regi\u00f5es para se hospedar, tanto para neg\u00f3cios quanto para turismo, que \u00e9 a regi\u00e3o da &hellip; <a href=\"https:\/\/saopaulo.wordcamp.org\/2019\/informacoes-uteis\/hospedagem\/\">Continue lendo <span class=\"assistive-text\">Hospedagem<\/span>  <span class=\"meta-nav\">&rarr;<\/span><\/a><\/p>\n","protected":false},"author":7895104,"featured_media":0,"parent":271,"menu_order":0,"comment_status":"closed","ping_status":"closed","template":"","meta":{"jetpack_post_was_ever_published":false,"footnotes":""},"class_list":["post-481","page","type-page","status-publish","hentry"],"jetpack_shortlink":"https:\/\/wp.me\/PaUnkt-7L","jetpack_sharing_enabled":true,"_links":{"self":[{"href":"https:\/\/saopaulo.wordcamp.org\/2019\/wp-json\/wp\/v2\/pages\/481","targetHints":{"allow":["GET"]}}],"collection":[{"href":"https:\/\/saopaulo.wordcamp.org\/2019\/wp-json\/wp\/v2\/pages"}],"about":[{"href":"https:\/\/saopaulo.wordcamp.org\/2019\/wp-json\/wp\/v2\/types\/page"}],"author":[{"embeddable":true,"href":"https:\/\/saopaulo.wordcamp.org\/2019\/wp-json\/wp\/v2\/users\/7895104"}],"replies":[{"embeddable":true,"href":"https:\/\/saopaulo.wordcamp.org\/2019\/wp-json\/wp\/v2\/comments?post=481"}],"version-history":[{"count":7,"href":"https:\/\/saopaulo.wordcamp.org\/2019\/wp-json\/wp\/v2\/pages\/481\/revisions"}],"predecessor-version":[{"id":692,"href":"https:\/\/saopaulo.wordcamp.org\/2019\/wp-json\/wp\/v2\/pages\/481\/revisions\/692"}],"up":[{"embeddable":true,"href":"https:\/\/saopaulo.wordcamp.org\/2019\/wp-json\/wp\/v2\/pages\/271"}],"wp:attachment":[{"href":"https:\/\/saopaulo.wordcamp.org\/2019\/wp-json\/wp\/v2\/media?parent=481"}],"curies":[{"name":"wp","href":"https:\/\/api.w.org\/{rel}","templated":true}]}}