{"id":12,"date":"2020-01-31T18:24:14","date_gmt":"2020-01-31T18:24:14","guid":{"rendered":"https:\/\/2020.saopaulo.wordcamp.org\/organizers\/"},"modified":"2020-07-28T17:34:49","modified_gmt":"2020-07-28T17:34:49","slug":"organizadores","status":"publish","type":"page","link":"https:\/\/saopaulo.wordcamp.org\/2020\/organizadores\/","title":{"rendered":"Organizadores"},"content":{"rendered":"<ul class=\"wordcamp-block wordcamp-post-list has-layout-grid wordcamp-organizers has-grid-columns-2\"><li class=\"wordcamp-post-list__post wordcamp-clearfix\">\n<div class=\"wordcamp-organizer wordcamp-organizers__post slug-alex-koti\">\n\t<h3 class=\"wordcamp-block__item-title wordcamp-organizers__title\">Alex Koti<\/h3>\n\t\t\t<div class=\"wordcamp-image__avatar-container align-none\">\n\t\t\t<img decoding=\"async\" src=\"https:\/\/secure.gravatar.com\/avatar\/0d6c8e9b32a285cbfb8fc24c1040d6bdb13963071fdc158f12838cb2acc025a4?s=150&amp;d=mm&amp;r=g\" alt=\"Avatar de Alex Koti\" \/>\t\t<\/div>\n\t\n\t\t\t<div class=\"wordcamp-block__item-content wordcamp-organizers__content is-full\"><p>Sou formado em Design e Artes Visuais. Trabalho com front-end desde 2004 e com PHP desde 2007, quando conhecei o <strong>WordPress <\/strong>na vers\u00e3o 1.5. <\/p>\n<p>Atualmente, trabalho na SitesWP e sou s\u00f3cio do sebo online de HQs Excelsior Comics. O e-commerce foi desenvolvido em <strong>WooCommerce<\/strong>.<\/p>\n<\/div>\t<\/div>\n\n<\/li><li class=\"wordcamp-post-list__post wordcamp-clearfix\">\n<div class=\"wordcamp-organizer wordcamp-organizers__post slug-allyson-souza\">\n\t<h3 class=\"wordcamp-block__item-title wordcamp-organizers__title\">Allyson Souza<\/h3>\n\t\t\t<div class=\"wordcamp-image__avatar-container align-none\">\n\t\t\t<img decoding=\"async\" src=\"https:\/\/secure.gravatar.com\/avatar\/2390e8368b3a4667c5213a889fb4cc40ce5a3d5c6080aeb6e7cdbbe41ca5ffdb?s=150&amp;d=mm&amp;r=g\" alt=\"Avatar de Allyson Souza\" \/>\t\t<\/div>\n\t\n\t\t\t<div class=\"wordcamp-block__item-content wordcamp-organizers__content is-full\"><p>Sou programador PHP especializado em <strong>WordPress<\/strong> e <strong>WooCommerce<\/strong>. Atuo com <strong>WordPress<\/strong> desde 2013, quando precisei fazer o site da minha empresa, o est\u00fadio Haste, e recebi muito apoio da comunidade. <\/p>\n<p>Hoje &#8211; junto com a Anyssa Ferreira -, continuo com o Haste.<\/p>\n<\/div>\t<\/div>\n\n<\/li><li class=\"wordcamp-post-list__post wordcamp-clearfix\">\n<div class=\"wordcamp-organizer wordcamp-organizers__post slug-anyssa-ferreira\">\n\t<h3 class=\"wordcamp-block__item-title wordcamp-organizers__title\">Anyssa Ferreira<\/h3>\n\t\t\t<div class=\"wordcamp-image__avatar-container align-none\">\n\t\t\t<img decoding=\"async\" src=\"https:\/\/secure.gravatar.com\/avatar\/d44ccff4ae37e9720e532e658ea76b0b18fbcc5eb08ec2db9c7e10461cf4c4d9?s=150&amp;d=mm&amp;r=g\" alt=\"Avatar de Anyssa Ferreira\" \/>\t\t<\/div>\n\t\n\t\t\t<div class=\"wordcamp-block__item-content wordcamp-organizers__content is-full\"><p>Especialista em <strong>WordPress<\/strong>. Atuo na \u00e1rea h\u00e1 mais de dez anos. Sou designer, desenvolvedora web e cofundadora do est\u00fadio Haste. Em 2015, conquistei a Kim Parsell Scholarship pela <strong>Funda\u00e7\u00e3o WordPress<\/strong>. <\/p>\n<p>Sou organizadora da <strong>comunidade WordPress S\u00e3o Paulo<\/strong> desde 2013.<\/p>\n<\/div>\t<\/div>\n\n<\/li><li class=\"wordcamp-post-list__post wordcamp-clearfix\">\n<div class=\"wordcamp-organizer wordcamp-organizers__post slug-debora-de-lucas\">\n\t<h3 class=\"wordcamp-block__item-title wordcamp-organizers__title\">Debora de Lucas<\/h3>\n\t\t\t<div class=\"wordcamp-image__avatar-container align-none\">\n\t\t\t<img decoding=\"async\" src=\"https:\/\/secure.gravatar.com\/avatar\/ffd4832c2d2483cd74ad0e7936b740ff44e1b72169fb3791089ea8ef1ecd2d86?s=150&amp;d=mm&amp;r=g\" alt=\"Avatar de Debora de Lucas\" \/>\t\t<\/div>\n\t\n\t\t\t<div class=\"wordcamp-block__item-content wordcamp-organizers__content is-full\"><p>Sou jornalista. Utilizo o <strong>WordPress<\/strong> desde 2011. Durante a minha trajet\u00f3ria profissional, j\u00e1 atuei como estagi\u00e1ria, redatora, rep\u00f3rter e editora de ve\u00edculos puros de internet (isto \u00e9, sites sem v\u00ednculos com m\u00eddias impressas ou eletr\u00f4nicas).<\/p>\n<p>Sou formada pela PUC-SP (Pontif\u00edcia Universidade Cat\u00f3lica de S\u00e3o Paulo), tenho Master em Jornalismo Digital pela Universidad de Navarra e sou p\u00f3s-graduada em M\u00eddias e Educa\u00e7\u00e3o pelo Instituto Federal de Educa\u00e7\u00e3o, Ci\u00eancia e Tecnologia do Sul de Minas Gerais (IFSULDEMINAS). <\/p>\n<p>Tive passagens pela MTV Brasil, R\u00e1dio Transam\u00e9rica, MapLink, Unibes Cultural, entre outras empresas.<\/p>\n<\/div>\t<\/div>\n\n<\/li><li class=\"wordcamp-post-list__post wordcamp-clearfix\">\n<div class=\"wordcamp-organizer wordcamp-organizers__post slug-gabriel-cano\">\n\t<h3 class=\"wordcamp-block__item-title wordcamp-organizers__title\">Gabriel Cano<\/h3>\n\t\t\t<div class=\"wordcamp-image__avatar-container align-none\">\n\t\t\t<img decoding=\"async\" src=\"https:\/\/secure.gravatar.com\/avatar\/d8332f4a06a43c629ce9d276bb369a289431ad7c0b2c3eff3b8136c22ed557ba?s=150&amp;d=mm&amp;r=g\" alt=\"Avatar de Gabriel Cano\" \/>\t\t<\/div>\n\t\n\t\t\t<div class=\"wordcamp-block__item-content wordcamp-organizers__content is-full\"><p>Sou convertedor de cafe\u00edna em c\u00f3digo, corintiano, jogador de Magic: The Gathering (Ilhas) e entusiasta de audiovisual. <\/p>\n<p>Trabalho com <strong>WordPress <\/strong>desde 2010. Amo ensinar e aprender. Sou organizador da <strong>comunidade WordPress S\u00e3o Paulo<\/strong> desde 2020.<\/p>\n<\/div>\t<\/div>\n\n<\/li><li class=\"wordcamp-post-list__post wordcamp-clearfix\">\n<div class=\"wordcamp-organizer wordcamp-organizers__post slug-iran-muniz\">\n\t<h3 class=\"wordcamp-block__item-title wordcamp-organizers__title\">Iran Muniz<\/h3>\n\t\t\t<div class=\"wordcamp-image__avatar-container align-none\">\n\t\t\t<img decoding=\"async\" src=\"https:\/\/secure.gravatar.com\/avatar\/80d225d611db8a6e825cc7553174a64fb7980841558928f26acc7634ac49f844?s=150&amp;d=mm&amp;r=g\" alt=\"Avatar de Iran Muniz\" \/>\t\t<\/div>\n\t\n\t\t\t<div class=\"wordcamp-block__item-content wordcamp-organizers__content is-full\"><p>Trabalho como analista de suporte multi-skill em hospedagem de sites. Sou tecn\u00f3logo em Gest\u00e3o da Tecnologia da Informa\u00e7\u00e3o e tenho p\u00f3s-gradua\u00e7\u00e3o em Governan\u00e7a em TI pela UNICID (Universidade Cidade de S\u00e3o Paulo). <\/p>\n<p>Indico e exploro o <strong>WordPress<\/strong> para desenvolvimento de sites. Locaweber, Roedie e Dev Padawan.<\/p>\n<\/div>\t<\/div>\n\n<\/li><li class=\"wordcamp-post-list__post wordcamp-clearfix\">\n<div class=\"wordcamp-organizer wordcamp-organizers__post slug-thais-de-lima\">\n\t<h3 class=\"wordcamp-block__item-title wordcamp-organizers__title\">Tha\u00eds de Lima<\/h3>\n\t\t\t<div class=\"wordcamp-image__avatar-container align-none\">\n\t\t\t<img decoding=\"async\" src=\"https:\/\/secure.gravatar.com\/avatar\/c1065452a8e1061e4850f1adf06d30eec9edd957ce27cf15a6e753e3de52a911?s=150&amp;d=mm&amp;r=g\" alt=\"Avatar de Tha\u00eds de Lima\" \/>\t\t<\/div>\n\t\n\t\t\t<div class=\"wordcamp-block__item-content wordcamp-organizers__content is-full\"><p>H\u00e1 mais de nove anos, atuo como analista de suporte e desenvolvedora web. Sou bacharel em An\u00e1lise de Sistema pela UNIBAN (Universidade Bandeirante de S\u00e3o Paulo). <\/p>\n<p>Utilizo o <strong>WordPress<\/strong> desde 2014 e sou fundadora da Inftek Tecnologia, empresa que engloba toda parte de suporte web e infraestrutura. <\/p>\n<p>Estou na comunidade <strong>WordPress<\/strong> desde 2016.<\/p>\n<\/div>\t<\/div>\n\n<\/li><\/ul>","protected":false},"excerpt":{"rendered":"","protected":false},"author":7895104,"featured_media":0,"parent":0,"menu_order":0,"comment_status":"closed","ping_status":"closed","template":"","meta":{"jetpack_post_was_ever_published":false,"footnotes":""},"class_list":["post-12","page","type-page","status-publish","hentry"],"jetpack_sharing_enabled":true,"jetpack_likes_enabled":true,"jetpack-related-posts":[{"id":19,"url":"https:\/\/saopaulo.wordcamp.org\/2020\/codigo-de-conduta\/","url_meta":{"origin":12,"position":0},"title":"C\u00f3digo de conduta","author":"Allyson","date":"31 de janeiro de 2020","format":false,"excerpt":"1. Prop\u00f3sito O WordCamp S\u00e3o Paulo acredita que a nossa comunidade deve ser aberta para todos. Dessa forma, estamos comprometidos a oferecer um ambiente amig\u00e1vel, seguro e acolhedor para todos, n\u00e3o importando as caracter\u00edsticas \u00e9tnico-raciais, o sexo, a orienta\u00e7\u00e3o sexual, as defici\u00eancias f\u00edsicas, a religi\u00e3o, o sistema operacional preferido, a\u2026","rel":"","context":"Post similar","block_context":{"text":"Post similar","link":""},"img":{"alt_text":"","src":"https:\/\/i0.wp.com\/saopaulo.wordcamp.org\/2020\/files\/2020\/06\/cropped-cropped-simbolo-vermelho-wordcamp-sao-paulo-2020.png?fit=512%2C512&resize=350%2C200#038;ssl=1","width":350,"height":200},"classes":[]},{"id":811,"url":"https:\/\/saopaulo.wordcamp.org\/2020\/politica-de-privacidade\/","url_meta":{"origin":12,"position":1},"title":"Pol\u00edtica de privacidade","author":"Allyson","date":"28 de julho de 2020","format":false,"excerpt":"Informa\u00e7\u00f5es e dados pessoais fornecidos \u00e0 organiza\u00e7\u00e3o do WordCamp S\u00e3o Paulo 2019 \u2013 cuja veracidade e exatid\u00e3o s\u00e3o de total responsabilidade do inscrito \u2013 ser\u00e3o coletados e guardados em conformidade com padr\u00f5es r\u00edgidos de confidencialidade e de seguran\u00e7a, e utilizados para as seguintes finalidades: comunicar o inscrito a respeito de\u2026","rel":"","context":"Post similar","block_context":{"text":"Post similar","link":""},"img":{"alt_text":"","src":"https:\/\/i0.wp.com\/saopaulo.wordcamp.org\/2020\/files\/2020\/06\/cropped-cropped-simbolo-vermelho-wordcamp-sao-paulo-2020.png?fit=512%2C512&resize=350%2C200#038;ssl=1","width":350,"height":200},"classes":[]},{"id":806,"url":"https:\/\/saopaulo.wordcamp.org\/2020\/sobre\/","url_meta":{"origin":12,"position":2},"title":"Sobre","author":"Allyson","date":"28 de julho de 2020","format":false,"excerpt":"O WordCamp \u00e9 uma confer\u00eancia originada nos Estados Unidos, sobre tudo relacionado ao WordPress, plataforma open source de gerenciamento de conte\u00fado. S\u00e3o eventos organizados por comunidades de usu\u00e1rios do WordPress ao redor do mundo, onde desenvolvedores, designers, produtores de conte\u00fado e demais usu\u00e1rios podem se unir para assistir palestras, trocar\u2026","rel":"","context":"Post similar","block_context":{"text":"Post similar","link":""},"img":{"alt_text":"Matt Mullenweg no WordCamp Brasil","src":"https:\/\/i0.wp.com\/2012.saopaulo.wordcamp.org\/files\/2012\/06\/matt4-199x300.jpg?resize=350%2C200","width":350,"height":200},"classes":[]},{"id":676,"url":"https:\/\/saopaulo.wordcamp.org\/2020\/palestre-no-wordcamp-sao-paulo-2020\/","url_meta":{"origin":12,"position":3},"title":"Palestre no WordCamp S\u00e3o Paulo 2020","author":"Anyssa Ferreira","date":"28 de julho de 2020","format":false,"excerpt":"Nesta edi\u00e7\u00e3o do WordCamp S\u00e3o Paulo, receberemos propostas de palestras. Abaixo, voc\u00ea confere algumas informa\u00e7\u00f5es e instru\u00e7\u00f5es para se candidatar. Prazos Envio das palestras: at\u00e9 24 de agostoDivulga\u00e7\u00e3o da programa\u00e7\u00e3o final: a partir de 27 de agosto Formato Palestra As palestras s\u00e3o apresenta\u00e7\u00f5es - geralmente pontuais - que abordam um\u2026","rel":"","context":"Post similar","block_context":{"text":"Post similar","link":""},"img":{"alt_text":"","src":"https:\/\/i0.wp.com\/saopaulo.wordcamp.org\/2020\/files\/2020\/06\/cropped-cropped-simbolo-vermelho-wordcamp-sao-paulo-2020.png?fit=512%2C512&resize=350%2C200#038;ssl=1","width":350,"height":200},"classes":[]},{"id":2,"url":"https:\/\/saopaulo.wordcamp.org\/2020\/","url_meta":{"origin":12,"position":4},"title":"Home","author":"Allyson","date":"31 de janeiro de 2020","format":false,"excerpt":"A confer\u00eancia oficial do WordPress 12 de setembro de 2020 - EDI\u00c7\u00c3O ONLINE e GRATUITA \ud83c\udfa5 Assita \u00e0 Trilha A \ud83c\udfa5 Assista \u00e0 Trilha B Palestras e muita troca de conhecimento. Tudo sobre WordPress. Os WordCamps s\u00e3o confer\u00eancias organizadas pelas comunidades WordPress em v\u00e1rias cidades do mundo. O WordCamp S\u00e3o\u2026","rel":"","context":"Post similar","block_context":{"text":"Post similar","link":""},"img":{"alt_text":"","src":"https:\/\/i0.wp.com\/saopaulo.wordcamp.org\/2020\/files\/2020\/07\/wordcamp-sao-paulo-2020-slideshow-1-scaled.jpg?resize=350%2C200&ssl=1","width":350,"height":200,"srcset":"https:\/\/i0.wp.com\/saopaulo.wordcamp.org\/2020\/files\/2020\/07\/wordcamp-sao-paulo-2020-slideshow-1-scaled.jpg?resize=350%2C200&ssl=1 1x, https:\/\/i0.wp.com\/saopaulo.wordcamp.org\/2020\/files\/2020\/07\/wordcamp-sao-paulo-2020-slideshow-1-scaled.jpg?resize=525%2C300&ssl=1 1.5x, https:\/\/i0.wp.com\/saopaulo.wordcamp.org\/2020\/files\/2020\/07\/wordcamp-sao-paulo-2020-slideshow-1-scaled.jpg?resize=700%2C400&ssl=1 2x, https:\/\/i0.wp.com\/saopaulo.wordcamp.org\/2020\/files\/2020\/07\/wordcamp-sao-paulo-2020-slideshow-1-scaled.jpg?resize=1050%2C600&ssl=1 3x, https:\/\/i0.wp.com\/saopaulo.wordcamp.org\/2020\/files\/2020\/07\/wordcamp-sao-paulo-2020-slideshow-1-scaled.jpg?resize=1400%2C800&ssl=1 4x"},"classes":[]},{"id":1315,"url":"https:\/\/saopaulo.wordcamp.org\/2020\/patrocine-o-wordcamp\/","url_meta":{"origin":12,"position":5},"title":"Patrocine o WordCamp","author":"Iran Muniz","date":"27 de agosto de 2020","format":false,"excerpt":"Patrocine o WordCamp S\u00e3o Paulo 2020 O WordCamp \u00e9 o \u00fanico evento oficial apoiado pela Funda\u00e7\u00e3o WordPress, \u00e9 organizado pela comunidade local e n\u00e3o possui fins lucrativos. Por isso, contamos com o apoio dos patrocinadores para fazer o evento acontecer e oferecer a melhor estrutura para os participantes. Quer conhecer\u2026","rel":"","context":"Post similar","block_context":{"text":"Post similar","link":""},"img":{"alt_text":"","src":"https:\/\/i0.wp.com\/saopaulo.wordcamp.org\/2020\/files\/2020\/06\/cropped-cropped-simbolo-vermelho-wordcamp-sao-paulo-2020.png?fit=512%2C512&resize=350%2C200#038;ssl=1","width":350,"height":200},"classes":[]}],"_links":{"self":[{"href":"https:\/\/saopaulo.wordcamp.org\/2020\/wp-json\/wp\/v2\/pages\/12","targetHints":{"allow":["GET"]}}],"collection":[{"href":"https:\/\/saopaulo.wordcamp.org\/2020\/wp-json\/wp\/v2\/pages"}],"about":[{"href":"https:\/\/saopaulo.wordcamp.org\/2020\/wp-json\/wp\/v2\/types\/page"}],"author":[{"embeddable":true,"href":"https:\/\/saopaulo.wordcamp.org\/2020\/wp-json\/wp\/v2\/users\/7895104"}],"replies":[{"embeddable":true,"href":"https:\/\/saopaulo.wordcamp.org\/2020\/wp-json\/wp\/v2\/comments?post=12"}],"version-history":[{"count":4,"href":"https:\/\/saopaulo.wordcamp.org\/2020\/wp-json\/wp\/v2\/pages\/12\/revisions"}],"predecessor-version":[{"id":810,"href":"https:\/\/saopaulo.wordcamp.org\/2020\/wp-json\/wp\/v2\/pages\/12\/revisions\/810"}],"wp:attachment":[{"href":"https:\/\/saopaulo.wordcamp.org\/2020\/wp-json\/wp\/v2\/media?parent=12"}],"curies":[{"name":"wp","href":"https:\/\/api.w.org\/{rel}","templated":true}]}}