{"id":2400,"date":"2020-09-11T20:08:16","date_gmt":"2020-09-11T23:08:16","guid":{"rendered":"https:\/\/saopaulo.wordcamp.org\/2020\/?page_id=2400"},"modified":"2020-09-12T09:43:38","modified_gmt":"2020-09-12T12:43:38","slug":"trilha-a","status":"publish","type":"page","link":"https:\/\/saopaulo.wordcamp.org\/2020\/trilha-a\/","title":{"rendered":"Trilha A"},"content":{"rendered":"\n<h2 class=\"wp-block-heading\">Acompanhe o evento ao vivo agora!<\/h2>\n\n\n\n<p class=\"wp-block-paragraph\">Acompanhe tamb\u00e9m a <a href=\"https:\/\/saopaulo.wordcamp.org\/2020\/trilha-b\/\" data-type=\"page\">Trilha B<\/a>.<\/p>\n\n\n\n<div class=\"wp-block-columns is-layout-flex wp-container-core-columns-is-layout-8f761849 wp-block-columns-is-layout-flex\">\n<div class=\"wp-block-column is-layout-flow wp-block-column-is-layout-flow\" style=\"flex-basis:66.66%\">\n<figure class=\"wp-block-embed is-type-video is-provider-youtube wp-block-embed-youtube wp-embed-aspect-16-9 wp-has-aspect-ratio\"><div class=\"wp-block-embed__wrapper\">\n<span class=\"embed-youtube\" style=\"text-align:center; display: block;\"><iframe loading=\"lazy\" class=\"youtube-player\" width=\"640\" height=\"360\" src=\"https:\/\/www.youtube.com\/embed\/6YzxUBVMSpI?version=3&#038;rel=1&#038;showsearch=0&#038;showinfo=1&#038;iv_load_policy=1&#038;fs=1&#038;hl=pt-BR&#038;autohide=2&#038;wmode=transparent\" allowfullscreen=\"true\" style=\"border:0;\" sandbox=\"allow-scripts allow-same-origin allow-popups allow-presentation allow-popups-to-escape-sandbox\"><\/iframe><\/span>\n<\/div><\/figure>\n\n\n\n<div class=\"wp-block-wordcamp-streamtext-embed\"><iframe id=\"streamtext-wptrilha1\"\n    class=\"streamtext\"\n    src=\"https:\/\/www.streamtext.net\/player?event=wptrilha1&#038;ff=Helvetica,Arial,sans-serif&#038;fs=20&#038;spacing=2&#038;fgc=ffffff&#038;bgc=000000&#038;header=false&#038;footer=false&#038;controls=false&#038;chat=false\"\n    sandbox=\"allow-same-origin allow-scripts\">\n<\/iframe>\n<\/div>\n\n\n\n<p class=\"wp-block-paragraph\"><\/p>\n<\/div>\n\n\n\n<div class=\"wp-block-column is-layout-flow wp-block-column-is-layout-flow\" style=\"flex-basis:33.33%\">\n\t<div class=\"wp-block-wordcamp-youtube-live-chat-embed\">\n\t\t<iframe\n\t\t\tid=\"wp-block-wordcamp-youtube-live-chat-embed__video-6YzxUBVMSpI\"\n\t\t\ttitle=\"Embedded YouTube live chat\"\n\t\t\tsrc=\"https:\/\/www.youtube.com\/live_chat?v=6YzxUBVMSpI&#038;embed_domain=saopaulo.wordcamp.org\"\n\t\t\tsandbox=\"allow-same-origin allow-scripts allow-popups\"\n\t\t>\n\t\t<\/iframe>\n\n\t\t\n\t\t<p class=\"wp-block-wordcamp-youtube-live-chat-embed__availability-warning\">\n\t\t\tNota: Se usar um dispositivo m\u00f3vel, o YouTube pode bloquear o bate-papo ao vivo. \u00c9 poss\u00edvel acessa-lo atrav\u00e9s do aplicativo nativo.\t\t<\/p>\n\t<\/div>\n\n\t<\/div>\n<\/div>\n\n\n\n<p class=\"wp-block-paragraph\">Clique na estrela\u2b50 para salvar suas palestras favoritas e envi\u00e1-las por email.<\/p>\n\n\n<table class=\"wcpt-schedule\" border=\"0\"><thead><tr><th class=\"wcpt-col-time\">Hora<\/th><th class=\"wcpt-col-track\"> <span class=\"wcpt-track-name\">Trilha A<\/span> <span class=\"wcpt-track-description\"><\/span> <\/th><\/tr><\/thead><tbody><tr class=\"wcpt-time-1000 global-session abertura\"><td class=\"wcpt-time\">10:00<\/td><td colspan=\"1\" class=\"wcb-track-trilha-a wcb-track-trilha-b wcpt-session-type-custom wcb-session-abertura\" data-track-title=\"Trilha A, Trilha B\" data-session-id=\"1709\"><div class=\"wcb-session-cell-content\"><span class=\"wcpt-session-title\">Abertura<\/span><\/div><\/td><\/tr><tr class=\"wcpt-time-1020 global-session como-machine-learning-pode-influenciar-na-plataforma-wordpress\"><td class=\"wcpt-time\">10:20<\/td><td colspan=\"1\" class=\"wcb-speaker-fellyph-cintra wcb-track-desenvolvimento wcb-track-trilha-a wcb-session-category-desenvolvimento wcpt-session-type-session wcb-session-como-machine-learning-pode-influenciar-na-plataforma-wordpress\" data-track-title=\"Desenvolvimento, Trilha A\" data-session-id=\"1452\"><div class=\"wcb-session-cell-content\"><a class=\"wcpt-session-title\" href=\"https:\/\/saopaulo.wordcamp.org\/2020\/session\/como-machine-learning-pode-influenciar-na-plataforma-wordpress\/\">Como Machine Learning pode influenciar na plataforma WordPress<\/a> <span class=\"wcpt-session-speakers\"><a href=\"https:\/\/saopaulo.wordcamp.org\/2020\/speaker\/fellyph-cintra\/\">Fellyph Cintra<\/a><\/span><\/div><div class=\"wcb-session-favourite-icon\"><a href=\"#\" role=\"button\" class=\"fav-session-button\" aria-pressed=\"false\"><span class=\"screen-reader-text\">Palestra favorita: Como Machine Learning pode influenciar na plataforma WordPress<\/span><span class=\"dashicons dashicons-star-filled\"><\/span><\/a><\/div><\/td><\/tr><tr class=\"wcpt-time-1110 global-session software-livre-e-cdigo-aberto-voc-tambm-pode-contribuir\"><td class=\"wcpt-time\">11:10<\/td><td colspan=\"1\" class=\"wcb-speaker-paulo-henrique-de-lima-santana wcb-track-comunidade wcb-track-trilha-a wcb-session-category-comunidade wcpt-session-type-session wcb-session-software-livre-e-codigo-aberto-voce-tambem-pode-contribuir\" data-track-title=\"Comunidade, Trilha A\" data-session-id=\"1442\"><div class=\"wcb-session-cell-content\"><a class=\"wcpt-session-title\" href=\"https:\/\/saopaulo.wordcamp.org\/2020\/session\/software-livre-e-codigo-aberto-voce-tambem-pode-contribuir\/\">Software Livre e C\u00f3digo Aberto &#8211; Voc\u00ea tamb\u00e9m pode contribuir!<\/a> <span class=\"wcpt-session-speakers\"><a href=\"https:\/\/saopaulo.wordcamp.org\/2020\/speaker\/paulo-henrique-de-lima-santana\/\">Paulo Henrique de Lima Santana<\/a><\/span><\/div><div class=\"wcb-session-favourite-icon\"><a href=\"#\" role=\"button\" class=\"fav-session-button\" aria-pressed=\"false\"><span class=\"screen-reader-text\">Palestra favorita: Software Livre e C\u00f3digo Aberto &#8211; Voc\u00ea tamb\u00e9m pode contribuir!<\/span><span class=\"dashicons dashicons-star-filled\"><\/span><\/a><\/div><\/td><\/tr><tr class=\"wcpt-time-1200 global-session interfaces-invisveis-estendendo-a-api-do-wordpress\"><td class=\"wcpt-time\">12:00<\/td><td colspan=\"1\" class=\"wcb-speaker-leo-germani wcb-track-desenvolvimento wcb-track-trilha-a wcb-session-category-desenvolvimento wcpt-session-type-session wcb-session-interfaces-invisiveis-estendendo-a-api-do-wordpress\" data-track-title=\"Desenvolvimento, Trilha A\" data-session-id=\"1454\"><div class=\"wcb-session-cell-content\"><a class=\"wcpt-session-title\" href=\"https:\/\/saopaulo.wordcamp.org\/2020\/session\/interfaces-invisiveis-estendendo-a-api-do-wordpress\/\">Interfaces invis\u00edveis &#8211; Estendendo a API do WordPress<\/a> <span class=\"wcpt-session-speakers\"><a href=\"https:\/\/saopaulo.wordcamp.org\/2020\/speaker\/leo-germani\/\">Leo Germani<\/a><\/span><\/div><div class=\"wcb-session-favourite-icon\"><a href=\"#\" role=\"button\" class=\"fav-session-button\" aria-pressed=\"false\"><span class=\"screen-reader-text\">Palestra favorita: Interfaces invis\u00edveis &#8211; Estendendo a API do WordPress<\/span><span class=\"dashicons dashicons-star-filled\"><\/span><\/a><\/div><\/td><\/tr><tr class=\"wcpt-time-1250 global-session almoo\"><td class=\"wcpt-time\">12:50<\/td><td colspan=\"1\" class=\"wcb-track-trilha-a wcb-track-trilha-b wcpt-session-type-custom wcb-session-almoco\" data-track-title=\"Trilha A, Trilha B\" data-session-id=\"1710\"><div class=\"wcb-session-cell-content\"><span class=\"wcpt-session-title\">Almo\u00e7o<\/span><\/div><\/td><\/tr><tr class=\"wcpt-time-1320 global-session aes-prticas-para-enquadrar-o-seu-site-wordpress--lgpd\"><td class=\"wcpt-time\">13:20<\/td><td colspan=\"1\" class=\"wcb-speaker-maicon-gracioli-passos wcb-track-negocios wcb-track-trilha-a wcb-session-category-negocios wcpt-session-type-session wcb-session-acoes-praticas-para-enquadrar-o-seu-site-wordpress-a-lgpd\" data-track-title=\"Neg\u00f3cios, Trilha A\" data-session-id=\"1460\"><div class=\"wcb-session-cell-content\"><a class=\"wcpt-session-title\" href=\"https:\/\/saopaulo.wordcamp.org\/2020\/session\/acoes-praticas-para-enquadrar-o-seu-site-wordpress-a-lgpd\/\">A\u00e7\u00f5es pr\u00e1ticas para enquadrar o seu site WordPress \u00e0 LGPD<\/a> <span class=\"wcpt-session-speakers\"><a href=\"https:\/\/saopaulo.wordcamp.org\/2020\/speaker\/maicon-gracioli-passos\/\">Maicon Gracioli Passos<\/a><\/span><\/div><div class=\"wcb-session-favourite-icon\"><a href=\"#\" role=\"button\" class=\"fav-session-button\" aria-pressed=\"false\"><span class=\"screen-reader-text\">Palestra favorita: A\u00e7\u00f5es pr\u00e1ticas para enquadrar o seu site WordPress \u00e0 LGPD<\/span><span class=\"dashicons dashicons-star-filled\"><\/span><\/a><\/div><\/td><\/tr><tr class=\"wcpt-time-1400 global-session ead-em-tempo-de-pandemia-com-wp-woocommerce-sensei\"><td class=\"wcpt-time\">14:00<\/td><td colspan=\"1\" class=\"wcb-speaker-tiago-correa-da-silva wcb-track-negocios wcb-track-trilha-a wcb-session-category-negocios wcpt-session-type-session wcb-session-ead-em-tempo-de-pandemia-com-wp-woocommerce-sensei\" data-track-title=\"Neg\u00f3cios, Trilha A\" data-session-id=\"1464\"><div class=\"wcb-session-cell-content\"><a class=\"wcpt-session-title\" href=\"https:\/\/saopaulo.wordcamp.org\/2020\/session\/ead-em-tempo-de-pandemia-com-wp-woocommerce-sensei\/\">EaD em tempo de pandemia com WP + WooCommerce + Sensei<\/a> <span class=\"wcpt-session-speakers\"><a href=\"https:\/\/saopaulo.wordcamp.org\/2020\/speaker\/tiago-correa-da-silva\/\">Tiago Correa da Silva<\/a><\/span><\/div><div class=\"wcb-session-favourite-icon\"><a href=\"#\" role=\"button\" class=\"fav-session-button\" aria-pressed=\"false\"><span class=\"screen-reader-text\">Palestra favorita: EaD em tempo de pandemia com WP + WooCommerce + Sensei<\/span><span class=\"dashicons dashicons-star-filled\"><\/span><\/a><\/div><\/td><\/tr><tr class=\"wcpt-time-1450 global-session criando-temas-para-wordpress-usando-frontity\"><td class=\"wcpt-time\">14:50<\/td><td colspan=\"1\" class=\"wcb-speaker-rodrigo-digo-ribeiro wcb-track-desenvolvimento wcb-track-trilha-a wcb-session-category-desenvolvimento wcpt-session-type-session wcb-session-criando-temas-para-wordpress-usando-frontity\" data-track-title=\"Desenvolvimento, Trilha A\" data-session-id=\"1456\"><div class=\"wcb-session-cell-content\"><a class=\"wcpt-session-title\" href=\"https:\/\/saopaulo.wordcamp.org\/2020\/session\/criando-temas-para-wordpress-usando-frontity\/\">Criando temas para WordPress usando Frontity<\/a> <span class=\"wcpt-session-speakers\"><a href=\"https:\/\/saopaulo.wordcamp.org\/2020\/speaker\/rodrigo-digo-ribeiro\/\">Rodrigo (Digo) Ribeiro<\/a><\/span><\/div><div class=\"wcb-session-favourite-icon\"><a href=\"#\" role=\"button\" class=\"fav-session-button\" aria-pressed=\"false\"><span class=\"screen-reader-text\">Palestra favorita: Criando temas para WordPress usando Frontity<\/span><span class=\"dashicons dashicons-star-filled\"><\/span><\/a><\/div><\/td><\/tr><tr class=\"wcpt-time-1550 global-session encerramento\"><td class=\"wcpt-time\">15:50<\/td><td colspan=\"1\" class=\"wcb-track-trilha-a wcb-track-trilha-b wcpt-session-type-custom wcb-session-encerramento\" data-track-title=\"Trilha A, Trilha B\" data-session-id=\"1711\"><div class=\"wcb-session-cell-content\"><span class=\"wcpt-session-title\">Encerramento<\/span><\/div><\/td><\/tr><\/tbody><\/table>\n\t<div class=\"email-form fav-session-email-form-hide\">\n\t\t<!-- Tab links -->\n\t\t<div class=\"fav-session-share-tab\">\n\t\t\t\t\t\t\t<div class=\"fav-session-tablinks\" id=\"fav-session-btn-email\">\n\t\t\t\t\tE-mail\t\t\t\t<\/div>\n\t\t\t\n\t\t\t<div class=\"fav-session-tablinks\" id=\"fav-session-btn-link\">\n\t\t\t\tLink\t\t\t<\/div>\n\n\t\t\t<div class=\"fav-session-tablinks\" id=\"fav-session-btn-print\">\n\t\t\t\tImprimir\t\t\t<\/div>\n\t\t<\/div>\n\n\t\t<!-- Tab content -->\n\t\t\t\t\t<div id=\"fav-session-tab-email\" class=\"fav-session-share-tabcontent\">\n\t\t\t\t<div id=\"fav-session-email-form\">\n\t\t\t\t\tEnvie-me minhas sess\u00f5es favoritas:\n\t\t\t\t\t<form id=\"fav-sessions-form\">\n\t\t\t\t\t\t<input\n\t\t\t\t\t\t\ttype=\"text\"\n\t\t\t\t\t\t\tname=\"email_address\"\n\t\t\t\t\t\t\tid=\"fav-sessions-email-address\"\n\t\t\t\t\t\t\tplaceholder=\"me@protonmail.com\"\n\t\t\t\t\t\t\/>\n\t\t\t\t\t\t<input type=\"submit\" value=\"Enviar\" \/>\n\t\t\t\t\t<\/form>\n\t\t\t\t<\/div>\n\n\t\t\t\t<div class=\"fav-session-email-wait-spinner\"><\/div>\n\t\t\t\t<div class=\"fav-session-email-result\"><\/div>\n\t\t\t<\/div>\n\t\t\n\t\t<div id=\"fav-session-tab-link\" class=\"fav-session-share-tabcontent\">\n\t\t\tLink compartilh\u00e1vel:\t\t\t<br \/>\n\t\t\t<a id=\"fav-sessions-link\" href=\"\"><\/a>\n\t\t<\/div>\n\n\t\t<div id=\"fav-session-tab-print\" class=\"fav-session-share-tabcontent\">\n\t\t\t<button id=\"fav-session-print\">\n\t\t\t\tImprimir sess\u00f5es favoritas\t\t\t<\/button>\n\t\t<\/div>\n\t<\/div>\n\n\t<a class=\"show-email-form\" href=\"javascript:\">\n\t\t<span class=\"dashicons dashicons-star-filled\"><\/span>\n\t\t<span class=\"dashicons dashicons-email-alt\"><\/span>\n\t<\/a>\n\n\t\n","protected":false},"excerpt":{"rendered":"<p>Acompanhe o evento ao vivo agora! Acompanhe tamb\u00e9m a Trilha B. Clique na estrela\u2b50 para salvar suas palestras favoritas e envi\u00e1-las por email.<\/p>\n","protected":false},"author":17138112,"featured_media":0,"parent":0,"menu_order":0,"comment_status":"closed","ping_status":"closed","template":"","meta":{"_crdt_document":"","jetpack_post_was_ever_published":false,"footnotes":""},"class_list":["post-2400","page","type-page","status-publish","hentry"],"jetpack_sharing_enabled":true,"jetpack_likes_enabled":true,"jetpack-related-posts":[{"id":2609,"url":"https:\/\/saopaulo.wordcamp.org\/2020\/trilha-b\/","url_meta":{"origin":2400,"position":0},"title":"Trilha B","author":"killuawax","date":"11 de setembro de 2020","format":false,"excerpt":"Acompanhe o evento ao vivo agora! Acompanhe tamb\u00e9m a Trilha A. https:\/\/www.youtube.com\/watch?v=WCPNLdGwSGA Clique na estrela\u2b50 para salvar suas palestras favoritas e envi\u00e1-las por email.","rel":"","context":"Post similar","block_context":{"text":"Post similar","link":""},"img":{"alt_text":"","src":"https:\/\/i0.wp.com\/saopaulo.wordcamp.org\/2020\/files\/2020\/06\/cropped-cropped-simbolo-vermelho-wordcamp-sao-paulo-2020.png?fit=512%2C512&resize=350%2C200#038;ssl=1","width":350,"height":200},"classes":[]},{"id":2,"url":"https:\/\/saopaulo.wordcamp.org\/2020\/","url_meta":{"origin":2400,"position":1},"title":"Home","author":"Allyson","date":"31 de janeiro de 2020","format":false,"excerpt":"A confer\u00eancia oficial do WordPress 12 de setembro de 2020 - EDI\u00c7\u00c3O ONLINE e GRATUITA \ud83c\udfa5 Assita \u00e0 Trilha A \ud83c\udfa5 Assista \u00e0 Trilha B Palestras e muita troca de conhecimento. Tudo sobre WordPress. Os WordCamps s\u00e3o confer\u00eancias organizadas pelas comunidades WordPress em v\u00e1rias cidades do mundo. O WordCamp S\u00e3o\u2026","rel":"","context":"Post similar","block_context":{"text":"Post similar","link":""},"img":{"alt_text":"","src":"https:\/\/i0.wp.com\/saopaulo.wordcamp.org\/2020\/files\/2020\/07\/wordcamp-sao-paulo-2020-slideshow-1-scaled.jpg?resize=350%2C200&ssl=1","width":350,"height":200,"srcset":"https:\/\/i0.wp.com\/saopaulo.wordcamp.org\/2020\/files\/2020\/07\/wordcamp-sao-paulo-2020-slideshow-1-scaled.jpg?resize=350%2C200&ssl=1 1x, https:\/\/i0.wp.com\/saopaulo.wordcamp.org\/2020\/files\/2020\/07\/wordcamp-sao-paulo-2020-slideshow-1-scaled.jpg?resize=525%2C300&ssl=1 1.5x, https:\/\/i0.wp.com\/saopaulo.wordcamp.org\/2020\/files\/2020\/07\/wordcamp-sao-paulo-2020-slideshow-1-scaled.jpg?resize=700%2C400&ssl=1 2x, https:\/\/i0.wp.com\/saopaulo.wordcamp.org\/2020\/files\/2020\/07\/wordcamp-sao-paulo-2020-slideshow-1-scaled.jpg?resize=1050%2C600&ssl=1 3x, https:\/\/i0.wp.com\/saopaulo.wordcamp.org\/2020\/files\/2020\/07\/wordcamp-sao-paulo-2020-slideshow-1-scaled.jpg?resize=1400%2C800&ssl=1 4x"},"classes":[]},{"id":7,"url":"https:\/\/saopaulo.wordcamp.org\/2020\/programacao\/","url_meta":{"origin":2400,"position":2},"title":"Programa\u00e7\u00e3o","author":"Allyson","date":"31 de janeiro de 2020","format":false,"excerpt":"Reunimos o melhor conte\u00fado sobre WordPress para voc\u00ea Reserve j\u00e1 o seu ingresso gr\u00e1tis para acompanhar as palestras online. Inscreva-se Clique na estrela\u2b50 para salvar suas palestras favoritas e envi\u00e1-las por email.","rel":"","context":"Post similar","block_context":{"text":"Post similar","link":""},"img":{"alt_text":"","src":"https:\/\/i0.wp.com\/saopaulo.wordcamp.org\/2020\/files\/2020\/06\/cropped-cropped-simbolo-vermelho-wordcamp-sao-paulo-2020.png?fit=512%2C512&resize=350%2C200#038;ssl=1","width":350,"height":200},"classes":[]},{"id":813,"url":"https:\/\/saopaulo.wordcamp.org\/2020\/compartilhe\/","url_meta":{"origin":2400,"position":3},"title":"Compartilhe","author":"Allyson","date":"28 de julho de 2020","format":false,"excerpt":"Acompanhe tudo que est\u00e1 sendo compartilhado nas redes sociais com a hashtag oficial do evento: #WordCampSP","rel":"","context":"Post similar","block_context":{"text":"Post similar","link":""},"img":{"alt_text":"","src":"https:\/\/i0.wp.com\/saopaulo.wordcamp.org\/2020\/files\/2020\/06\/cropped-cropped-simbolo-vermelho-wordcamp-sao-paulo-2020.png?fit=512%2C512&resize=350%2C200#038;ssl=1","width":350,"height":200},"classes":[]},{"id":806,"url":"https:\/\/saopaulo.wordcamp.org\/2020\/sobre\/","url_meta":{"origin":2400,"position":4},"title":"Sobre","author":"Allyson","date":"28 de julho de 2020","format":false,"excerpt":"O WordCamp \u00e9 uma confer\u00eancia originada nos Estados Unidos, sobre tudo relacionado ao WordPress, plataforma open source de gerenciamento de conte\u00fado. S\u00e3o eventos organizados por comunidades de usu\u00e1rios do WordPress ao redor do mundo, onde desenvolvedores, designers, produtores de conte\u00fado e demais usu\u00e1rios podem se unir para assistir palestras, trocar\u2026","rel":"","context":"Post similar","block_context":{"text":"Post similar","link":""},"img":{"alt_text":"Matt Mullenweg no WordCamp Brasil","src":"https:\/\/i0.wp.com\/2012.saopaulo.wordcamp.org\/files\/2012\/06\/matt4-199x300.jpg?resize=350%2C200","width":350,"height":200},"classes":[]},{"id":1315,"url":"https:\/\/saopaulo.wordcamp.org\/2020\/patrocine-o-wordcamp\/","url_meta":{"origin":2400,"position":5},"title":"Patrocine o WordCamp","author":"Iran Muniz","date":"27 de agosto de 2020","format":false,"excerpt":"Patrocine o WordCamp S\u00e3o Paulo 2020 O WordCamp \u00e9 o \u00fanico evento oficial apoiado pela Funda\u00e7\u00e3o WordPress, \u00e9 organizado pela comunidade local e n\u00e3o possui fins lucrativos. Por isso, contamos com o apoio dos patrocinadores para fazer o evento acontecer e oferecer a melhor estrutura para os participantes. Quer conhecer\u2026","rel":"","context":"Post similar","block_context":{"text":"Post similar","link":""},"img":{"alt_text":"","src":"https:\/\/i0.wp.com\/saopaulo.wordcamp.org\/2020\/files\/2020\/06\/cropped-cropped-simbolo-vermelho-wordcamp-sao-paulo-2020.png?fit=512%2C512&resize=350%2C200#038;ssl=1","width":350,"height":200},"classes":[]}],"_links":{"self":[{"href":"https:\/\/saopaulo.wordcamp.org\/2020\/wp-json\/wp\/v2\/pages\/2400","targetHints":{"allow":["GET"]}}],"collection":[{"href":"https:\/\/saopaulo.wordcamp.org\/2020\/wp-json\/wp\/v2\/pages"}],"about":[{"href":"https:\/\/saopaulo.wordcamp.org\/2020\/wp-json\/wp\/v2\/types\/page"}],"author":[{"embeddable":true,"href":"https:\/\/saopaulo.wordcamp.org\/2020\/wp-json\/wp\/v2\/users\/17138112"}],"replies":[{"embeddable":true,"href":"https:\/\/saopaulo.wordcamp.org\/2020\/wp-json\/wp\/v2\/comments?post=2400"}],"version-history":[{"count":9,"href":"https:\/\/saopaulo.wordcamp.org\/2020\/wp-json\/wp\/v2\/pages\/2400\/revisions"}],"predecessor-version":[{"id":2854,"href":"https:\/\/saopaulo.wordcamp.org\/2020\/wp-json\/wp\/v2\/pages\/2400\/revisions\/2854"}],"wp:attachment":[{"href":"https:\/\/saopaulo.wordcamp.org\/2020\/wp-json\/wp\/v2\/media?parent=2400"}],"curies":[{"name":"wp","href":"https:\/\/api.w.org\/{rel}","templated":true}]}}