{"id":12,"date":"2021-09-02T02:35:00","date_gmt":"2021-09-02T05:35:00","guid":{"rendered":"https:\/\/saopaulo.wordcamp.org\/2021\/organizers\/"},"modified":"2021-09-27T11:34:45","modified_gmt":"2021-09-27T14:34:45","slug":"organizadores","status":"publish","type":"page","link":"https:\/\/saopaulo.wordcamp.org\/2021\/organizadores\/","title":{"rendered":"Organizadores"},"content":{"rendered":"\n<p class=\"has-background\" style=\"background-color:#eeeeee\"><em>Organizers note:<\/em> You can enter content for this page in the Organizers menu item in the sidebar.<\/p>\n\n\n<ul class=\"wordcamp-block wordcamp-post-list has-layout-grid wordcamp-organizers has-grid-columns-2\"><li class=\"wordcamp-post-list__post wordcamp-clearfix\">\n<div class=\"wordcamp-organizer wordcamp-organizers__post slug-alex-koti\">\n\t<h3 class=\"wordcamp-block__item-title wordcamp-organizers__title\">Alex Koti<\/h3>\n\t\t\t<div class=\"wordcamp-image__avatar-container align-center\">\n\t\t\t<img decoding=\"async\" src=\"https:\/\/secure.gravatar.com\/avatar\/0d6c8e9b32a285cbfb8fc24c1040d6bdb13963071fdc158f12838cb2acc025a4?s=300&amp;d=mm&amp;r=g\" alt=\"Avatar de Alex Koti\" \/>\t\t<\/div>\n\t\n\t\t\t<div class=\"wordcamp-block__item-content wordcamp-organizers__content is-full\"><p>Sou formado em Design e Artes Visuais. Trabalho com front-end desde 2004 e com PHP desde 2007, quando conhecei o <strong>WordPress <\/strong>na vers\u00e3o 1.5. <\/p>\n<p>Atualmente, trabalho na SitesWP e sou s\u00f3cio do sebo online de HQs Excelsior Comics(desenvolvido em <strong>WooCommerce<\/strong>).<\/p>\n<\/div>\t<\/div>\n\n<\/li><li class=\"wordcamp-post-list__post wordcamp-clearfix\">\n<div class=\"wordcamp-organizer wordcamp-organizers__post slug-debora-de-lucas\">\n\t<h3 class=\"wordcamp-block__item-title wordcamp-organizers__title\">Debora de Lucas<\/h3>\n\t\t\t<div class=\"wordcamp-image__avatar-container align-center\">\n\t\t\t<img decoding=\"async\" src=\"https:\/\/secure.gravatar.com\/avatar\/ffd4832c2d2483cd74ad0e7936b740ff44e1b72169fb3791089ea8ef1ecd2d86?s=300&amp;d=mm&amp;r=g\" alt=\"Avatar de Debora de Lucas\" \/>\t\t<\/div>\n\t\n\t\t\t<div class=\"wordcamp-block__item-content wordcamp-organizers__content is-full\"><p>Sou jornalista. Utilizo o&nbsp;<strong>WordPress<\/strong>&nbsp;desde 2011. Durante a minha trajet\u00f3ria profissional, j\u00e1 atuei como estagi\u00e1ria, redatora, rep\u00f3rter e editora de ve\u00edculos puros de internet (isto \u00e9, sites sem v\u00ednculos com m\u00eddias impressas ou eletr\u00f4nicas).<\/p>\n<p>Sou formada pela PUC-SP (Pontif\u00edcia Universidade Cat\u00f3lica de S\u00e3o Paulo), tenho Master em Jornalismo Digital pela Universidad de Navarra e sou graduada em M\u00eddias e Educa\u00e7\u00e3o pelo Instituto Federal de Educa\u00e7\u00e3o, Ci\u00eancia e Tecnologia do Sul de Minas Gerais (IFSULDEMINAS).<\/p>\n<p>Tive passagens pela MTV Brasil, R\u00e1dio Transam\u00e9rica, MapLink, Unibes Cultural, entre outras empresas.<\/p>\n<\/div>\t<\/div>\n\n<\/li><li class=\"wordcamp-post-list__post wordcamp-clearfix\">\n<div class=\"wordcamp-organizer wordcamp-organizers__post slug-gabriel-de-oliveira-cano\">\n\t<h3 class=\"wordcamp-block__item-title wordcamp-organizers__title\">Gabriel de Oliveira Cano<\/h3>\n\t\t\t<div class=\"wordcamp-image__avatar-container align-center\">\n\t\t\t<img decoding=\"async\" src=\"https:\/\/secure.gravatar.com\/avatar\/d8332f4a06a43c629ce9d276bb369a289431ad7c0b2c3eff3b8136c22ed557ba?s=300&amp;d=mm&amp;r=g\" alt=\"Avatar de Gabriel de Oliveira Cano\" \/>\t\t<\/div>\n\t\n\t\t\t<div class=\"wordcamp-block__item-content wordcamp-organizers__content is-full\"><p>Pai, Convertedor de cafe\u00edna em c\u00f3digo, Corinthiano, Jogador de Magic (ilhas) e entusiasta de \u00e1udio visual.<\/p>\n<p>Utilizo o WordPress desde 2011 e fa\u00e7o parte da organiza\u00e7\u00e3o desde 2020.<\/p>\n<\/div>\t<\/div>\n\n<\/li><li class=\"wordcamp-post-list__post wordcamp-clearfix\">\n<div class=\"wordcamp-organizer wordcamp-organizers__post slug-iran-muniz\">\n\t<h3 class=\"wordcamp-block__item-title wordcamp-organizers__title\">Iran Muniz<\/h3>\n\t\t\t<div class=\"wordcamp-image__avatar-container align-center\">\n\t\t\t<img decoding=\"async\" src=\"https:\/\/secure.gravatar.com\/avatar\/80d225d611db8a6e825cc7553174a64fb7980841558928f26acc7634ac49f844?s=300&amp;d=mm&amp;r=g\" alt=\"Avatar de Iran Muniz\" \/>\t\t<\/div>\n\t\n\t\t\t<div class=\"wordcamp-block__item-content wordcamp-organizers__content is-full\"><p>Vivendo de e-commerce, p\u00f3s-graduado em Governan\u00e7a em TI e Desenvolvedor de Suporte na Infracommerce. <\/p>\n<p>Conheci o <strong>WordPress<\/strong> em minhas primeiras experi\u00eancias como desenvolvedor quando era um Locaweber.<\/p>\n<\/div>\t<\/div>\n\n<\/li><li class=\"wordcamp-post-list__post wordcamp-clearfix\">\n<div class=\"wordcamp-organizer wordcamp-organizers__post slug-thais-de-lima\">\n\t<h3 class=\"wordcamp-block__item-title wordcamp-organizers__title\">Tha\u00eds de Lima<\/h3>\n\t\t\t<div class=\"wordcamp-image__avatar-container align-center\">\n\t\t\t<img decoding=\"async\" src=\"https:\/\/secure.gravatar.com\/avatar\/c1065452a8e1061e4850f1adf06d30eec9edd957ce27cf15a6e753e3de52a911?s=300&amp;d=mm&amp;r=g\" alt=\"Avatar de Tha\u00eds de Lima\" \/>\t\t<\/div>\n\t\n\t\t\t<div class=\"wordcamp-block__item-content wordcamp-organizers__content is-full\"><p>H\u00e1 mais de onze anos, atuo como analista de suporte e desenvolvedora web. Sou bacharel em An\u00e1lise de Sistema pela UNIBAN (Universidade Bandeirante de S\u00e3o Paulo). <\/p>\n<p>Utilizo o <strong>WordPress<\/strong> desde 2014 e sou fundadora da Inftek Tecnologia, empresa que engloba toda parte de suporte web e infraestrutura. <\/p>\n<p>Estou na comunidade <strong>WordPress<\/strong> desde 2016.<\/p><\/p>\n<\/div>\t<\/div>\n\n<\/li><\/ul>","protected":false},"excerpt":{"rendered":"<p>Organizers note: You can enter content for this page in the Organizers menu item in the sidebar.<\/p>\n","protected":false},"author":98905,"featured_media":0,"parent":0,"menu_order":0,"comment_status":"closed","ping_status":"closed","template":"","meta":{"jetpack_post_was_ever_published":false,"footnotes":""},"class_list":["post-12","page","type-page","status-publish","hentry"],"jetpack_sharing_enabled":true,"_links":{"self":[{"href":"https:\/\/saopaulo.wordcamp.org\/2021\/wp-json\/wp\/v2\/pages\/12","targetHints":{"allow":["GET"]}}],"collection":[{"href":"https:\/\/saopaulo.wordcamp.org\/2021\/wp-json\/wp\/v2\/pages"}],"about":[{"href":"https:\/\/saopaulo.wordcamp.org\/2021\/wp-json\/wp\/v2\/types\/page"}],"author":[{"embeddable":true,"href":"https:\/\/saopaulo.wordcamp.org\/2021\/wp-json\/wp\/v2\/users\/98905"}],"replies":[{"embeddable":true,"href":"https:\/\/saopaulo.wordcamp.org\/2021\/wp-json\/wp\/v2\/comments?post=12"}],"version-history":[{"count":4,"href":"https:\/\/saopaulo.wordcamp.org\/2021\/wp-json\/wp\/v2\/pages\/12\/revisions"}],"predecessor-version":[{"id":570,"href":"https:\/\/saopaulo.wordcamp.org\/2021\/wp-json\/wp\/v2\/pages\/12\/revisions\/570"}],"wp:attachment":[{"href":"https:\/\/saopaulo.wordcamp.org\/2021\/wp-json\/wp\/v2\/media?parent=12"}],"curies":[{"name":"wp","href":"https:\/\/api.w.org\/{rel}","templated":true}]}}